CRAN Package Check Results for Package CorBin

Last updated on 2024-04-14 00:57:29 CEST.

Flavor Version Tinstall Tcheck Ttotal Status Flags
r-devel-linux-x86_64-debian-clang 1.0.0 2.75 22.47 25.22 NOTE
r-devel-linux-x86_64-debian-gcc 1.0.0 2.06 17.73 19.79 NOTE
r-devel-linux-x86_64-fedora-clang 1.0.0 31.87 NOTE
r-devel-linux-x86_64-fedora-gcc 1.0.0 30.36 NOTE
r-devel-windows-x86_64 1.0.0 2.00 35.00 37.00 NOTE
r-patched-linux-x86_64 1.0.0 1.90 21.70 23.60 NOTE
r-release-linux-x86_64 1.0.0 2.55 21.86 24.41 NOTE
r-release-macos-arm64 1.0.0 16.00 NOTE
r-release-macos-x86_64 1.0.0 20.00 NOTE
r-release-windows-x86_64 1.0.0 4.00 36.00 40.00 NOTE
r-oldrel-macos-arm64 1.0.0 16.00 NOTE
r-oldrel-windows-x86_64 1.0.0 8.00 44.00 52.00 NOTE

Check Details

Version: 1.0.0
Check: LazyData
Result: NOTE 'LazyData' is specified without a 'data' directory Flavors: r-devel-linux-x86_64-debian-clang, r-devel-linux-x86_64-debian-gcc, r-devel-linux-x86_64-fedora-clang, r-devel-linux-x86_64-fedora-gcc, r-devel-windows-x86_64, r-patched-linux-x86_64, r-release-linux-x86_64, r-release-macos-arm64, r-release-macos-x86_64, r-release-windows-x86_64, r-oldrel-macos-arm64, r-oldrel-windows-x86_64