Last updated on 2022-07-04 09:50:01 CEST.
Flavor | Version | Tinstall | Tcheck | Ttotal | Status | Flags |
---|---|---|---|---|---|---|
r-devel-linux-x86_64-debian-clang | 0.1.6 | 3.62 | 75.68 | 79.30 | NOTE | |
r-devel-linux-x86_64-debian-gcc | 0.1.6 | 2.10 | 56.08 | 58.18 | NOTE | |
r-devel-linux-x86_64-fedora-clang | 0.1.6 | 104.00 | NOTE | |||
r-devel-linux-x86_64-fedora-gcc | 0.1.6 | 101.85 | NOTE | |||
r-devel-windows-x86_64 | 0.1.6 | 11.00 | 105.00 | 116.00 | NOTE | |
r-patched-linux-x86_64 | 0.1.6 | 3.13 | 74.20 | 77.33 | OK | |
r-release-linux-x86_64 | 0.1.6 | 2.89 | 73.27 | 76.16 | OK | |
r-release-macos-arm64 | 0.1.6 | 40.00 | OK | |||
r-release-macos-x86_64 | 0.1.6 | 44.00 | OK | |||
r-release-windows-x86_64 | 0.1.6 | 14.00 | 171.00 | 185.00 | OK | |
r-oldrel-macos-arm64 | 0.1.6 | 41.00 | OK | |||
r-oldrel-macos-x86_64 | 0.1.6 | 44.00 | OK | |||
r-oldrel-windows-ix86+x86_64 | 0.1.6 | 8.00 | 100.00 | 108.00 | OK |
Version: 0.1.6
Check: Rd files
Result: NOTE
checkRd: (-1) poss_local.Rd:21: Escaped LaTeX specials: \~
Flavors: r-devel-linux-x86_64-debian-clang, r-devel-linux-x86_64-debian-gcc, r-devel-linux-x86_64-fedora-clang, r-devel-linux-x86_64-fedora-gcc, r-devel-windows-x86_64