Last updated on 2023-10-04 01:59:15 CEST.
Flavor | Version | Tinstall | Tcheck | Ttotal | Status | Flags |
---|---|---|---|---|---|---|
r-devel-linux-x86_64-debian-clang | 0.6-2 | 13.49 | 128.38 | 141.87 | OK | |
r-devel-linux-x86_64-debian-gcc | 0.6-2 | 12.23 | 85.95 | 98.18 | OK | |
r-devel-linux-x86_64-fedora-clang | 0.6-2 | 176.67 | OK | |||
r-devel-linux-x86_64-fedora-gcc | 0.6-2 | 167.63 | OK | |||
r-devel-windows-x86_64 | 0.6-2 | 17.00 | 121.00 | 138.00 | OK | |
r-patched-linux-x86_64 | 0.6-2 | 18.18 | 111.13 | 129.31 | OK | |
r-release-linux-x86_64 | 0.6-2 | 16.55 | 112.27 | 128.82 | OK | |
r-release-macos-arm64 | 0.6-2 | 64.00 | OK | |||
r-release-macos-x86_64 | 0.6-2 | 85.00 | NOTE | |||
r-release-windows-x86_64 | 0.6-2 | 21.00 | 127.00 | 148.00 | OK | |
r-oldrel-macos-arm64 | 0.6-2 | 46.00 | OK | |||
r-oldrel-macos-x86_64 | 0.6-2 | 66.00 | OK | |||
r-oldrel-windows-x86_64 | 0.6-2 | 17.00 | 127.00 | 144.00 | OK |
Version: 0.6-2
Check: package dependencies
Result: NOTE
Package suggested but not available for checking: ‘BiocParallel’
Flavor: r-release-macos-x86_64