Last updated on 2023-05-28 14:55:20 CEST.
Flavor | Version | Tinstall | Tcheck | Ttotal | Status | Flags |
---|---|---|---|---|---|---|
r-devel-linux-x86_64-debian-clang | 0.3.0 | 2.68 | 32.24 | 34.92 | OK | |
r-devel-linux-x86_64-debian-gcc | 0.3.0 | 2.03 | 25.71 | 27.74 | OK | |
r-devel-linux-x86_64-fedora-clang | 0.3.0 | 44.54 | NOTE | |||
r-devel-linux-x86_64-fedora-gcc | 0.3.0 | 53.29 | NOTE | |||
r-devel-windows-x86_64 | 0.3.0 | 6.00 | 54.00 | 60.00 | OK | |
r-patched-linux-x86_64 | 0.3.0 | 2.83 | 32.04 | 34.87 | OK | |
r-release-linux-x86_64 | 0.3.0 | 2.22 | 31.64 | 33.86 | OK | |
r-release-macos-arm64 | 0.3.0 | 34.00 | OK | |||
r-release-macos-x86_64 | 0.3.0 | 42.00 | OK | |||
r-release-windows-x86_64 | 0.3.0 | 5.00 | 56.00 | 61.00 | OK | |
r-oldrel-macos-arm64 | 0.3.0 | 26.00 | OK | |||
r-oldrel-macos-x86_64 | 0.3.0 | 36.00 | OK | |||
r-oldrel-windows-x86_64 | 0.3.0 | 5.00 | 57.00 | 62.00 | OK |
Version: 0.3.0
Check: dependencies in R code
Result: NOTE
Namespace in Imports field not imported from: ‘readr’
All declared Imports should be used.
Flavors: r-devel-linux-x86_64-fedora-clang, r-devel-linux-x86_64-fedora-gcc