CRAN Package Check Results for Package CorrectedFDR

Last updated on 2022-11-26 13:55:57 CET.

Flavor Version Tinstall Tcheck Ttotal Status Flags
r-devel-linux-x86_64-debian-clang 1.1 2.09 21.44 23.53 OK
r-devel-linux-x86_64-debian-gcc 1.1 1.65 17.19 18.84 OK
r-devel-linux-x86_64-fedora-clang 1.1 41.89 OK
r-devel-windows-x86_64 1.1 26.00 48.00 74.00 OK
r-patched-linux-x86_64 1.1 OK
r-release-linux-x86_64 1.1 2.09 20.94 23.03 OK
r-release-macos-arm64 1.1 14.00 NOTE
r-release-macos-x86_64 1.1 18.00 NOTE
r-release-windows-x86_64 1.1 4.00 49.00 53.00 OK
r-oldrel-macos-arm64 1.1 17.00 NOTE
r-oldrel-macos-x86_64 1.1 19.00 NOTE
r-oldrel-windows-ix86+x86_64 1.1 6.00 44.00 50.00 NOTE

Check Details

Version: 1.1
Check: package dependencies
Result: NOTE
    Package suggested but not available for checking: ‘ProData’
Flavors: r-release-macos-arm64, r-release-macos-x86_64, r-oldrel-macos-arm64, r-oldrel-macos-x86_64, r-oldrel-windows-ix86+x86_64