Last updated on 2025-01-19 14:48:17 CET.
Flavor | Version | Tinstall | Tcheck | Ttotal | Status | Flags |
---|---|---|---|---|---|---|
r-devel-linux-x86_64-debian-clang | 1.1.0 | 6.53 | 76.76 | 83.29 | NOTE | |
r-devel-linux-x86_64-debian-gcc | 1.1.0 | 4.14 | 56.52 | 60.66 | NOTE | |
r-devel-linux-x86_64-fedora-clang | 1.1.0 | 141.16 | OK | |||
r-devel-linux-x86_64-fedora-gcc | 1.1.0 | 137.52 | OK | |||
r-devel-windows-x86_64 | 1.1.0 | 8.00 | 95.00 | 103.00 | NOTE | |
r-patched-linux-x86_64 | 1.1.0 | 10.22 | 72.22 | 82.44 | OK | |
r-release-linux-x86_64 | 1.1.0 | 5.87 | 72.20 | 78.07 | OK | |
r-release-macos-arm64 | 1.1.0 | 42.00 | OK | |||
r-release-macos-x86_64 | 1.1.0 | 72.00 | OK | |||
r-release-windows-x86_64 | 1.1.0 | 7.00 | 93.00 | 100.00 | OK | |
r-oldrel-macos-arm64 | 1.1.0 | 51.00 | OK | |||
r-oldrel-macos-x86_64 | 1.1.0 | 79.00 | OK | |||
r-oldrel-windows-x86_64 | 1.1.0 | 9.00 | 103.00 | 112.00 | OK |
Version: 1.1.0
Check: Rd cross-references
Result: NOTE
Found the following Rd file(s) with Rd \link{} targets missing package
anchors:
ggbplot.Rd: bplot
tally.Rd: bplot, calibrate
Please provide package anchors for all Rd \link{} targets not in the
package itself and the base packages.
Flavors: r-devel-linux-x86_64-debian-clang, r-devel-linux-x86_64-debian-gcc, r-devel-windows-x86_64