CRAN Package Check Results for Package CosW

Last updated on 2021-04-22 23:49:35 CEST.

Flavor Version Tinstall Tcheck Ttotal Status Flags
r-devel-linux-x86_64-debian-clang 0.1 2.17 22.73 24.90 NOTE
r-devel-linux-x86_64-debian-gcc 0.1 1.56 18.29 19.85 NOTE
r-devel-linux-x86_64-fedora-clang 0.1 40.46 NOTE
r-devel-linux-x86_64-fedora-gcc 0.1 29.83 NOTE
r-devel-windows-ix86+x86_64 0.1 7.00 39.00 46.00 NOTE
r-devel-windows-x86_64-gcc10-UCRT 0.1 NOTE
r-patched-linux-x86_64 0.1 1.92 22.28 24.20 OK
r-patched-solaris-x86 0.1 44.60 OK
r-release-linux-x86_64 0.1 1.85 22.22 24.07 OK
r-release-macos-x86_64 0.1 OK
r-release-windows-ix86+x86_64 0.1 5.00 41.00 46.00 OK
r-oldrel-macos-x86_64 0.1 OK
r-oldrel-windows-ix86+x86_64 0.1 3.00 38.00 41.00 OK

Check Details

Version: 0.1
Check: LazyData
Result: NOTE
     'LazyData' is specified without a 'data' directory
Flavors: r-devel-linux-x86_64-debian-clang, r-devel-linux-x86_64-debian-gcc, r-devel-linux-x86_64-fedora-clang, r-devel-linux-x86_64-fedora-gcc, r-devel-windows-ix86+x86_64, r-devel-windows-x86_64-gcc10-UCRT