CRAN Package Check Results for Package CosW

Last updated on 2023-02-06 21:54:41 CET.

Flavor Version Tinstall Tcheck Ttotal Status Flags
r-devel-linux-x86_64-debian-clang 0.1 1.84 23.68 25.52 NOTE
r-devel-linux-x86_64-debian-gcc 0.1 1.67 18.19 19.86 NOTE
r-devel-linux-x86_64-fedora-clang 0.1 32.28 NOTE
r-devel-linux-x86_64-fedora-gcc 0.1 32.80 NOTE
r-devel-windows-x86_64 0.1 11.00 58.00 69.00 NOTE
r-patched-linux-x86_64 0.1 2.40 23.58 25.98 NOTE
r-release-linux-x86_64 0.1 2.15 23.91 26.06 NOTE
r-release-macos-arm64 0.1 16.00 NOTE
r-release-macos-x86_64 0.1 20.00 NOTE
r-release-windows-x86_64 0.1 11.00 61.00 72.00 NOTE
r-oldrel-macos-arm64 0.1 20.00 NOTE
r-oldrel-macos-x86_64 0.1 29.00 NOTE
r-oldrel-windows-ix86+x86_64 0.1 6.00 47.00 53.00 NOTE

Check Details

Version: 0.1
Check: LazyData
Result: NOTE
     'LazyData' is specified without a 'data' directory
Flavors: r-devel-linux-x86_64-debian-clang, r-devel-linux-x86_64-debian-gcc, r-devel-linux-x86_64-fedora-clang, r-devel-linux-x86_64-fedora-gcc, r-devel-windows-x86_64, r-patched-linux-x86_64, r-release-linux-x86_64, r-release-macos-arm64, r-release-macos-x86_64, r-release-windows-x86_64, r-oldrel-macos-arm64, r-oldrel-macos-x86_64, r-oldrel-windows-ix86+x86_64