CRAN Package Check Results for Package Countr

Last updated on 2020-12-03 14:46:43 CET.

Flavor Version Tinstall Tcheck Ttotal Status Flags
r-devel-linux-x86_64-debian-clang 3.5.4 153.80 158.56 312.36 OK
r-devel-linux-x86_64-debian-gcc 3.5.4 106.27 119.39 225.66 OK
r-devel-linux-x86_64-fedora-clang 3.5.4 422.78 NOTE
r-devel-linux-x86_64-fedora-gcc 3.5.4 390.24 OK
r-devel-windows-ix86+x86_64 3.5.4 353.00 254.00 607.00 NOTE
r-patched-linux-x86_64 3.5.4 116.74 145.81 262.55 OK
r-patched-solaris-x86 3.5.4 424.80 OK
r-release-linux-x86_64 3.5.4 122.34 143.92 266.26 OK
r-release-macos-x86_64 3.5.4 NOTE
r-release-windows-ix86+x86_64 3.5.4 267.00 195.00 462.00 NOTE
r-oldrel-macos-x86_64 3.5.4 NOTE
r-oldrel-windows-ix86+x86_64 3.5.4 272.00 237.00 509.00 NOTE

Check Details

Version: 3.5.4
Check: installed package size
Result: NOTE
     installed size is 9.5Mb
     sub-directories of 1Mb or more:
     doc 2.0Mb
     libs 6.6Mb
Flavors: r-devel-linux-x86_64-fedora-clang, r-devel-windows-ix86+x86_64, r-release-macos-x86_64, r-release-windows-ix86+x86_64, r-oldrel-macos-x86_64, r-oldrel-windows-ix86+x86_64