Last updated on 2023-11-30 17:50:03 CET.
Flavor | Version | Tinstall | Tcheck | Ttotal | Status | Flags |
---|---|---|---|---|---|---|
r-devel-linux-x86_64-debian-clang | 3.5.6 | 159.83 | 176.72 | 336.55 | WARN | |
r-devel-linux-x86_64-debian-gcc | 3.5.7 | 115.84 | 133.00 | 248.84 | OK | |
r-devel-linux-x86_64-fedora-clang | 3.5.7 | 511.46 | OK | |||
r-devel-linux-x86_64-fedora-gcc | 3.5.7 | 516.02 | OK | |||
r-devel-windows-x86_64 | 3.5.7 | 106.00 | 232.00 | 338.00 | OK | |
r-patched-linux-x86_64 | 3.5.7 | 143.41 | 168.69 | 312.10 | OK | |
r-release-linux-x86_64 | 3.5.6 | 114.54 | 169.11 | 283.65 | OK | |
r-release-macos-arm64 | 3.5.7 | 125.00 | NOTE | |||
r-release-macos-x86_64 | 3.5.6 | 213.00 | NOTE | |||
r-release-windows-x86_64 | 3.5.7 | 124.00 | 243.00 | 367.00 | OK | |
r-oldrel-macos-arm64 | 3.5.7 | 108.00 | NOTE | |||
r-oldrel-macos-x86_64 | 3.5.6 | 149.00 | NOTE | |||
r-oldrel-windows-x86_64 | 3.5.7 | 108.00 | 251.00 | 359.00 | OK |
Version: 3.5.6
Check: whether package can be installed
Result: WARN
Found the following significant warnings:
RcppExports.cpp:528:18: warning: format string is not a string literal (potentially insecure) [-Wformat-security]
RcppExports.cpp:568:18: warning: format string is not a string literal (potentially insecure) [-Wformat-security]
RcppExports.cpp:610:18: warning: format string is not a string literal (potentially insecure) [-Wformat-security]
RcppExports.cpp:652:18: warning: format string is not a string literal (potentially insecure) [-Wformat-security]
RcppExports.cpp:695:18: warning: format string is not a string literal (potentially insecure) [-Wformat-security]
RcppExports.cpp:738:18: warning: format string is not a string literal (potentially insecure) [-Wformat-security]
RcppExports.cpp:783:18: warning: format string is not a string literal (potentially insecure) [-Wformat-security]
RcppExports.cpp:828:18: warning: format string is not a string literal (potentially insecure) [-Wformat-security]
RcppExports.cpp:864:18: warning: format string is not a string literal (potentially insecure) [-Wformat-security]
RcppExports.cpp:903:18: warning: format string is not a string literal (potentially insecure) [-Wformat-security]
RcppExports.cpp:942:18: warning: format string is not a string literal (potentially insecure) [-Wformat-security]
RcppExports.cpp:981:18: warning: format string is not a string literal (potentially insecure) [-Wformat-security]
RcppExports.cpp:1023:18: warning: format string is not a string literal (potentially insecure) [-Wformat-security]
RcppExports.cpp:1065:18: warning: format string is not a string literal (potentially insecure) [-Wformat-security]
See ‘/home/hornik/tmp/R.check/r-devel-clang/Work/PKGS/Countr.Rcheck/00install.out’ for details.
* used C++ compiler: ‘Debian clang version 17.0.5 (1)’
Flavor: r-devel-linux-x86_64-debian-clang
Version: 3.5.6
Check: Rd \usage sections
Result: NOTE
Documented arguments not in \usage in Rd file 'dCount_dePril_bi.Rd':
‘inheritParams’
Documented arguments not in \usage in Rd file 'dCount_naive_bi.Rd':
‘inheritParams’
Functions with \usage entries need to have the appropriate \alias
entries, and all their arguments documented.
The \usage entries must correspond to syntactically valid R code.
See chapter ‘Writing R documentation files’ in the ‘Writing R
Extensions’ manual.
Flavor: r-devel-linux-x86_64-debian-clang
Version: 3.5.7
Check: installed package size
Result: NOTE
installed size is 8.2Mb
sub-directories of 1Mb or more:
doc 1.9Mb
libs 5.3Mb
Flavors: r-release-macos-arm64, r-oldrel-macos-arm64
Version: 3.5.6
Check: installed package size
Result: NOTE
installed size is 8.5Mb
sub-directories of 1Mb or more:
doc 1.9Mb
libs 5.5Mb
Flavors: r-release-macos-x86_64, r-oldrel-macos-x86_64