Last updated on 2023-01-29 23:03:04 CET.
Flavor | Version | Tinstall | Tcheck | Ttotal | Status | Flags |
---|---|---|---|---|---|---|
r-devel-linux-x86_64-debian-clang | 3.0 | 7.56 | 99.34 | 106.90 | OK | |
r-devel-linux-x86_64-debian-gcc | 3.0 | 9.57 | 76.61 | 86.18 | OK | |
r-devel-linux-x86_64-fedora-clang | 3.0 | 148.87 | NOTE | |||
r-devel-linux-x86_64-fedora-gcc | 3.0 | 151.71 | OK | |||
r-devel-windows-x86_64 | 3.0 | 57.00 | 162.00 | 219.00 | OK | |
r-patched-linux-x86_64 | 3.0 | 12.53 | 98.08 | 110.61 | OK | |
r-release-linux-x86_64 | 3.0 | 12.07 | 99.04 | 111.11 | OK | |
r-release-macos-arm64 | 3.0 | 43.00 | OK | |||
r-release-macos-x86_64 | 3.0 | 60.00 | OK | |||
r-release-windows-x86_64 | 3.0 | 44.00 | 154.00 | 198.00 | OK | |
r-oldrel-macos-arm64 | 3.0 | 52.00 | OK | |||
r-oldrel-macos-x86_64 | 3.0 | 87.00 | OK | |||
r-oldrel-windows-ix86+x86_64 | 3.0 | 22.00 | 136.00 | 158.00 | OK |
Version: 3.0
Check: Rd cross-references
Result: NOTE
Undeclared package ‘betareg’ in Rd xrefs
Flavor: r-devel-linux-x86_64-fedora-clang