CRAN Package Check Results for Package CovTools

Last updated on 2019-05-26 13:46:26 CEST.

Flavor Version Tinstall Tcheck Ttotal Status Flags
r-devel-linux-x86_64-debian-clang 0.5.1 53.21 77.99 131.20 OK
r-devel-linux-x86_64-debian-gcc 0.5.1 41.99 62.29 104.28 OK
r-devel-linux-x86_64-fedora-clang 0.5.1 176.18 OK
r-devel-linux-x86_64-fedora-gcc 0.5.1 169.38 OK
r-devel-windows-ix86+x86_64 0.5.1 108.00 203.00 311.00 OK
r-patched-linux-x86_64 0.5.1 OK
r-patched-solaris-x86 0.5.1 225.80 OK
r-release-linux-x86_64 0.5.1 47.99 77.31 125.30 OK
r-release-windows-ix86+x86_64 0.5.1 151.00 198.00 349.00 OK
r-release-osx-x86_64 0.5.1 WARN
r-oldrel-windows-ix86+x86_64 0.5.1 154.00 138.00 292.00 OK
r-oldrel-osx-x86_64 0.5.1 OK

Check Details

Version: 0.5.1
Check: whether package can be installed
Result: WARN
    Found the following significant warnings:
     Warning: 'rgl_init' failed, running with rgl.useNULL = TRUE
Flavor: r-release-osx-x86_64

Version: 0.5.1
Check: Rd files
Result: WARN
    prepare_Rd: RGL: unable to open X11 display
    prepare_Rd: 'rgl_init' failed, running with rgl.useNULL = TRUE
Flavor: r-release-osx-x86_64