CRAN Package Check Results for Package CovTools

Last updated on 2019-03-18 22:54:03 CET.

Flavor Version Tinstall Tcheck Ttotal Status Flags
r-devel-linux-x86_64-debian-clang 0.5.1 48.01 79.15 127.16 WARN
r-devel-linux-x86_64-debian-gcc 0.5.1 43.22 61.64 104.86 OK
r-devel-linux-x86_64-fedora-clang 0.5.1 174.99 OK
r-devel-linux-x86_64-fedora-gcc 0.5.1 161.74 OK
r-devel-windows-ix86+x86_64 0.5.1 151.00 191.00 342.00 OK
r-patched-linux-x86_64 0.5.1 48.30 69.41 117.71 OK
r-patched-solaris-x86 0.5.1 218.80 OK
r-release-linux-x86_64 0.5.1 46.92 69.43 116.35 OK
r-release-windows-ix86+x86_64 0.5.1 107.00 122.00 229.00 OK
r-release-osx-x86_64 0.5.1 OK
r-oldrel-windows-ix86+x86_64 0.5.1 109.00 169.00 278.00 OK
r-oldrel-osx-x86_64 0.5.1 OK

Check Details

Version: 0.5.1
Check: whether package can be installed
Result: WARN
    Found the following significant warnings:
     Warning: unable to re-encode 'PreEst.2014Banerjee.R' line 5
Flavor: r-devel-linux-x86_64-debian-clang