CRAN Package Check Results for Package CoxICPen

Last updated on 2022-05-16 16:52:10 CEST.

Flavor Version Tinstall Tcheck Ttotal Status Flags
r-devel-linux-x86_64-debian-clang 1.1.0 5.26 44.11 49.37 NOTE
r-devel-linux-x86_64-debian-gcc 1.1.0 3.69 33.71 37.40 NOTE
r-devel-linux-x86_64-fedora-clang 1.1.0 58.90 NOTE
r-devel-linux-x86_64-fedora-gcc 1.1.0 58.02 NOTE
r-devel-windows-x86_64 1.1.0 12.00 61.00 73.00 NOTE
r-patched-linux-x86_64 1.1.0 3.67 43.27 46.94 NOTE
r-release-linux-x86_64 1.1.0 4.74 44.53 49.27 NOTE
r-release-macos-arm64 1.1.0 18.00 NOTE
r-release-macos-x86_64 1.1.0 25.00 NOTE
r-release-windows-x86_64 1.1.0 13.00 58.00 71.00 NOTE
r-oldrel-macos-arm64 1.1.0 19.00 NOTE
r-oldrel-macos-x86_64 1.1.0 32.00 NOTE
r-oldrel-windows-ix86+x86_64 1.1.0 8.00 52.00 60.00 NOTE

Check Details

Version: 1.1.0
Check: LazyData
Result: NOTE
     'LazyData' is specified without a 'data' directory
Flavors: r-devel-linux-x86_64-debian-clang, r-devel-linux-x86_64-debian-gcc, r-devel-linux-x86_64-fedora-clang, r-devel-linux-x86_64-fedora-gcc, r-devel-windows-x86_64, r-patched-linux-x86_64, r-release-linux-x86_64, r-release-macos-arm64, r-release-macos-x86_64, r-release-windows-x86_64, r-oldrel-macos-arm64, r-oldrel-macos-x86_64, r-oldrel-windows-ix86+x86_64