CRAN Package Check Results for Package CpDyna

Last updated on 2019-01-19 10:48:30 CET.

Flavor Version Tinstall Tcheck Ttotal Status Flags
r-release-osx-x86_64 1.0 NOTE
r-oldrel-osx-x86_64 1.0 NOTE

Additional issues

clang-ASAN gcc-ASAN

Check Details

Version: 1.0
Check: installed package size
Result: NOTE
     installed size is 5.7Mb
     sub-directories of 1Mb or more:
     doc 1.4Mb
     libs 4.0Mb
Flavors: r-release-osx-x86_64, r-oldrel-osx-x86_64