CRAN Package Check Results for Package CpGassoc

Last updated on 2018-11-15 00:47:29 CET.

Flavor Version Tinstall Tcheck Ttotal Status Flags
r-devel-linux-x86_64-debian-clang 2.60 4.97 73.34 78.31 OK
r-devel-linux-x86_64-debian-gcc 2.60 2.57 61.21 63.78 OK
r-devel-linux-x86_64-fedora-clang 2.60 93.22 OK
r-devel-linux-x86_64-fedora-gcc 2.60 90.61 OK
r-devel-windows-ix86+x86_64 2.60 6.00 88.00 94.00 OK
r-patched-linux-x86_64 2.60 4.77 70.61 75.38 OK
r-patched-solaris-x86 2.60 133.00 OK
r-release-linux-x86_64 2.60 4.30 69.82 74.12 OK
r-release-windows-ix86+x86_64 2.60 12.00 83.00 95.00 OK
r-release-osx-x86_64 2.60 OK
r-oldrel-windows-ix86+x86_64 2.60 5.00 83.00 88.00 OK
r-oldrel-osx-x86_64 2.60 NOTE

Check Details

Version: 2.60
Check: package dependencies
Result: NOTE
    Package suggested but not available for checking: ‘qvalue’
Flavor: r-oldrel-osx-x86_64