CRAN Package Check Results for Package CpGassoc

Last updated on 2018-08-20 04:48:56 CEST.

Flavor Version Tinstall Tcheck Ttotal Status Flags
r-devel-linux-x86_64-debian-clang 2.60 3.97 72.71 76.68 OK
r-devel-linux-x86_64-debian-gcc 2.60 4.49 60.32 64.81 OK
r-devel-linux-x86_64-fedora-clang 2.60 92.03 OK
r-devel-linux-x86_64-fedora-gcc 2.60 89.68 OK
r-devel-windows-ix86+x86_64 2.60 9.00 101.00 110.00 OK
r-patched-linux-x86_64 2.60 3.98 68.82 72.80 OK
r-patched-solaris-x86 2.60 133.20 OK
r-release-linux-x86_64 2.60 4.76 68.90 73.66 OK
r-release-windows-ix86+x86_64 2.60 10.00 85.00 95.00 OK
r-release-osx-x86_64 2.60 OK
r-oldrel-windows-ix86+x86_64 2.60 3.00 116.00 119.00 OK
r-oldrel-osx-x86_64 2.60 NOTE

Check Details

Version: 2.60
Check: package dependencies
Result: NOTE
    Package suggested but not available for checking: ‘qvalue’
Flavor: r-oldrel-osx-x86_64