CRAN Package Check Results for Package CpGassoc

Last updated on 2019-02-16 22:46:21 CET.

Flavor Version Tinstall Tcheck Ttotal Status Flags
r-devel-linux-x86_64-debian-clang 2.60 5.93 72.58 78.51 OK
r-devel-linux-x86_64-debian-gcc 2.60 4.01 61.06 65.07 OK
r-devel-linux-x86_64-fedora-clang 2.60 95.98 OK
r-devel-linux-x86_64-fedora-gcc 2.60 91.08 OK
r-devel-windows-ix86+x86_64 2.60 13.00 88.00 101.00 OK
r-patched-linux-x86_64 2.60 4.00 69.17 73.17 OK
r-patched-solaris-x86 2.60 131.70 OK
r-release-linux-x86_64 2.60 OK
r-release-windows-ix86+x86_64 2.60 6.00 116.00 122.00 OK
r-release-osx-x86_64 2.60 OK
r-oldrel-windows-ix86+x86_64 2.60 6.00 121.00 127.00 OK
r-oldrel-osx-x86_64 2.60 NOTE

Check Details

Version: 2.60
Check: package dependencies
Result: NOTE
    Package suggested but not available for checking: ‘qvalue’
Flavor: r-oldrel-osx-x86_64