CRAN Package Check Results for Package CpGassoc

Last updated on 2018-02-21 05:48:29 CET.

Flavor Version Tinstall Tcheck Ttotal Status Flags
r-devel-linux-x86_64-debian-clang 2.60 4.02 77.74 81.76 OK
r-devel-linux-x86_64-debian-gcc 2.60 4.25 62.72 66.97 OK
r-devel-linux-x86_64-fedora-clang 2.60 89.76 NOTE
r-devel-linux-x86_64-fedora-gcc 2.60 87.75 NOTE
r-devel-windows-ix86+x86_64 2.60 7.00 78.00 85.00 OK
r-patched-linux-x86_64 2.60 1.58 76.24 77.82 OK
r-patched-solaris-x86 2.60 111.30 OK
r-release-linux-x86_64 2.60 1.55 76.30 77.85 OK
r-release-windows-ix86+x86_64 2.60 6.00 110.00 116.00 OK
r-release-osx-x86_64 2.60 NOTE
r-oldrel-windows-ix86+x86_64 2.60 7.00 106.00 113.00 OK
r-oldrel-osx-x86_64 2.60 OK

Check Details

Version: 2.60
Check: package dependencies
Result: NOTE
    Package suggested but not available for checking: ‘qvalue’
Flavors: r-devel-linux-x86_64-fedora-clang, r-devel-linux-x86_64-fedora-gcc, r-release-osx-x86_64