CRAN Package Check Results for Package CpGassoc

Last updated on 2018-05-20 23:47:52 CEST.

Flavor Version Tinstall Tcheck Ttotal Status Flags
r-devel-linux-x86_64-debian-clang 2.60 5.65 76.08 81.73 OK
r-devel-linux-x86_64-debian-gcc 2.60 4.27 57.95 62.22 OK
r-devel-linux-x86_64-fedora-clang 2.60 92.58 OK
r-devel-linux-x86_64-fedora-gcc 2.60 89.40 OK
r-devel-windows-ix86+x86_64 2.60 11.00 83.00 94.00 OK
r-patched-linux-x86_64 2.60 4.91 69.49 74.40 OK
r-patched-solaris-x86 2.60 133.60 OK
r-release-linux-x86_64 2.60 3.50 69.18 72.68 OK
r-release-windows-ix86+x86_64 2.60 7.00 77.00 84.00 OK
r-release-osx-x86_64 2.60 OK
r-oldrel-windows-ix86+x86_64 2.60 4.00 122.00 126.00 OK
r-oldrel-osx-x86_64 2.60 NOTE

Check Details

Version: 2.60
Check: package dependencies
Result: NOTE
    Package suggested but not available for checking: ‘qvalue’
Flavor: r-oldrel-osx-x86_64