CRAN Package Check Results for Package CreditMetrics

Last updated on 2021-02-27 10:56:29 CET.

Flavor Version Tinstall Tcheck Ttotal Status Flags
r-devel-linux-x86_64-debian-clang 0.0-2 1.77 24.25 26.02 NOTE
r-devel-linux-x86_64-debian-gcc 0.0-2 1.51 19.28 20.79 NOTE
r-devel-linux-x86_64-fedora-clang 0.0-2 42.63 NOTE
r-devel-linux-x86_64-fedora-gcc 0.0-2 34.31 NOTE
r-devel-windows-ix86+x86_64 0.0-2 4.00 39.00 43.00 NOTE
r-patched-linux-x86_64 0.0-2 1.94 24.10 26.04 NOTE
r-patched-solaris-x86 0.0-2 51.80 NOTE
r-release-linux-x86_64 0.0-2 1.97 24.12 26.09 NOTE
r-release-macos-x86_64 0.0-2 NOTE
r-release-windows-ix86+x86_64 0.0-2 7.00 37.00 44.00 NOTE
r-oldrel-macos-x86_64 0.0-2 NOTE
r-oldrel-windows-ix86+x86_64 0.0-2 5.00 44.00 49.00 NOTE

Check Details

Version: 0.0-2
Check: DESCRIPTION meta-information
Result: NOTE
    Malformed Description field: should contain one or more complete sentences.
Flavors: r-devel-linux-x86_64-debian-clang, r-devel-linux-x86_64-debian-gcc, r-devel-linux-x86_64-fedora-clang, r-devel-linux-x86_64-fedora-gcc, r-devel-windows-ix86+x86_64, r-patched-linux-x86_64, r-patched-solaris-x86, r-release-linux-x86_64, r-release-macos-x86_64, r-release-windows-ix86+x86_64, r-oldrel-macos-x86_64, r-oldrel-windows-ix86+x86_64

Version: 0.0-2
Check: R code for possible problems
Result: NOTE
    cm.CVaR: no visible global function definition for 'quantile'
    cm.hist: no visible global function definition for 'hist'
    cm.quantile: no visible global function definition for 'qnorm'
    cm.rnorm: no visible global function definition for 'rnorm'
    Undefined global functions or variables:
     hist qnorm quantile rnorm
    Consider adding
     importFrom("graphics", "hist")
     importFrom("stats", "qnorm", "quantile", "rnorm")
    to your NAMESPACE file.
Flavors: r-devel-linux-x86_64-debian-clang, r-devel-linux-x86_64-debian-gcc, r-devel-linux-x86_64-fedora-clang, r-devel-linux-x86_64-fedora-gcc, r-devel-windows-ix86+x86_64, r-patched-linux-x86_64, r-patched-solaris-x86, r-release-linux-x86_64, r-release-macos-x86_64, r-release-windows-ix86+x86_64, r-oldrel-macos-x86_64, r-oldrel-windows-ix86+x86_64