Last updated on 2022-07-07 08:53:13 CEST.
Flavor | Version | Tinstall | Tcheck | Ttotal | Status | Flags |
---|---|---|---|---|---|---|
r-devel-linux-x86_64-debian-clang | 0.1-20 | 41.60 | 203.85 | 245.45 | OK | |
r-devel-linux-x86_64-debian-gcc | 0.1-20 | 34.16 | 151.63 | 185.79 | OK | |
r-devel-linux-x86_64-fedora-clang | 0.1-20 | 317.72 | WARN | |||
r-devel-linux-x86_64-fedora-gcc | 0.1-20 | 301.32 | WARN | |||
r-devel-windows-x86_64 | 0.1-20 | 122.00 | 290.00 | 412.00 | OK | |
r-patched-linux-x86_64 | 0.1-20 | 37.27 | 193.18 | 230.45 | OK | |
r-release-linux-x86_64 | 0.1-20 | 39.38 | 194.55 | 233.93 | OK | |
r-release-macos-arm64 | 0.1-20 | 90.00 | OK | |||
r-release-macos-x86_64 | 0.1-20 | 187.00 | OK | |||
r-release-windows-x86_64 | 0.1-20 | 107.00 | 309.00 | 416.00 | OK | |
r-oldrel-macos-arm64 | 0.1-20 | 121.00 | OK | |||
r-oldrel-macos-x86_64 | 0.1-20 | 159.00 | OK | |||
r-oldrel-windows-ix86+x86_64 | 0.1-20 | 103.00 | 295.00 | 398.00 | OK |
Version: 0.1-20
Check: package dependencies
Result: WARN
Requires (indirectly) orphaned package: ‘gtools’
Flavors: r-devel-linux-x86_64-fedora-clang, r-devel-linux-x86_64-fedora-gcc