CRAN Package Check Results for Package CruzPlot

Last updated on 2024-07-21 18:54:08 CEST.

Flavor Version Tinstall Tcheck Ttotal Status Flags
r-devel-linux-x86_64-debian-clang 1.4.9 4.68 39.57 44.25 OK
r-devel-linux-x86_64-debian-gcc 1.4.9 3.12 29.84 32.96 OK
r-devel-linux-x86_64-fedora-clang 1.4.9 59.41 NOTE
r-devel-linux-x86_64-fedora-gcc 1.4.9 54.42 NOTE
r-devel-windows-x86_64 1.4.9 7.00 64.00 71.00 OK
r-patched-linux-x86_64 1.4.8 2.52 37.01 39.53 OK
r-release-linux-x86_64 1.4.8 2.80 37.22 40.02 OK
r-release-macos-arm64 1.4.9 24.00 OK
r-release-macos-x86_64 1.4.9 39.00 OK
r-release-windows-x86_64 1.4.8 7.00 50.00 57.00 OK
r-oldrel-macos-arm64 1.4.9 27.00 OK
r-oldrel-macos-x86_64 1.4.9 43.00 OK
r-oldrel-windows-x86_64 1.4.8 7.00 55.00 62.00 OK

Check Details

Version: 1.4.9
Check: dependencies in R code
Result: NOTE Namespaces in Imports field not imported from: ‘DT’ ‘dplyr’ ‘geosphere’ ‘mapdata’ ‘maps’ ‘marmap’ ‘shinydashboard’ ‘shinyjs’ ‘stringr’ ‘swfscDAS’ All declared Imports should be used. Flavors: r-devel-linux-x86_64-fedora-clang, r-devel-linux-x86_64-fedora-gcc