CRAN Package Check Results for Package CrypticIBDcheck

Last updated on 2019-05-22 18:51:37 CEST.

Flavor Version Tinstall Tcheck Ttotal Status Flags
r-devel-linux-x86_64-debian-clang 0.3-3 12.62 103.57 116.19 OK
r-devel-linux-x86_64-debian-gcc 0.3-3 11.35 81.55 92.90 OK
r-devel-linux-x86_64-fedora-clang 0.3-3 140.32 OK
r-devel-linux-x86_64-fedora-gcc 0.3-3 141.98 OK
r-devel-windows-ix86+x86_64 0.3-3 29.00 206.00 235.00 OK
r-patched-linux-x86_64 0.3-3 11.90 100.86 112.76 OK
r-release-linux-x86_64 0.3-3 12.10 101.29 113.39 OK
r-release-windows-ix86+x86_64 0.3-3 45.00 162.00 207.00 OK
r-release-osx-x86_64 0.3-3 ERROR
r-oldrel-windows-ix86+x86_64 0.3-3 20.00 142.00 162.00 OK
r-oldrel-osx-x86_64 0.3-3 OK

Check Details

Version: 0.3-3
Check: package dependencies
Result: ERROR
    Packages required but not available: 'rJPSGCS', 'chopsticks'
    
    See section ‘The DESCRIPTION file’ in the ‘Writing R Extensions’
    manual.
Flavor: r-release-osx-x86_64