CRAN Package Check Results for Package CsChange

Last updated on 2021-12-02 19:53:07 CET.

Flavor Version Tinstall Tcheck Ttotal Status Flags
r-devel-linux-x86_64-debian-clang 0.1.6 17.78 136.79 154.57 NOTE
r-devel-linux-x86_64-debian-gcc 0.1.6 14.19 101.52 115.71 NOTE
r-devel-linux-x86_64-fedora-clang 0.1.6 192.46 NOTE
r-devel-linux-x86_64-fedora-gcc 0.1.6 183.55 NOTE
r-devel-windows-x86_64-new-UL 0.1.6 27.00 175.00 202.00 NOTE
r-devel-windows-x86_64-new-TK 0.1.6 NOTE
r-devel-windows-x86_64-old 0.1.6 26.00 121.00 147.00 NOTE
r-patched-linux-x86_64 0.1.6 14.00 121.93 135.93 NOTE
r-patched-solaris-x86 0.1.6 203.10 NOTE
r-release-linux-x86_64 0.1.6 13.95 125.82 139.77 NOTE
r-release-macos-arm64 0.1.6 NOTE
r-release-macos-x86_64 0.1.6 NOTE
r-release-windows-ix86+x86_64 0.1.6 41.00 161.00 202.00 NOTE
r-oldrel-macos-x86_64 0.1.6 OK
r-oldrel-windows-ix86+x86_64 0.1.6 41.00 159.00 200.00 OK

Check Details

Version: 0.1.6
Check: LazyData
Result: NOTE
     'LazyData' is specified without a 'data' directory
Flavors: r-devel-linux-x86_64-debian-clang, r-devel-linux-x86_64-debian-gcc, r-devel-linux-x86_64-fedora-clang, r-devel-linux-x86_64-fedora-gcc, r-devel-windows-x86_64-new-UL, r-devel-windows-x86_64-new-TK, r-devel-windows-x86_64-old, r-patched-linux-x86_64, r-patched-solaris-x86, r-release-linux-x86_64, r-release-macos-arm64, r-release-macos-x86_64, r-release-windows-ix86+x86_64