CRAN Package Check Results for Package Cubist

Last updated on 2022-01-26 18:49:09 CET.

Flavor Version Tinstall Tcheck Ttotal Status Flags
r-devel-linux-x86_64-debian-clang 0.3.0 13.89 55.22 69.11 WARN
r-devel-linux-x86_64-debian-gcc 0.3.0 9.91 42.63 52.54 WARN
r-devel-linux-x86_64-fedora-clang 0.3.0 84.36 WARN
r-devel-linux-x86_64-fedora-gcc 0.3.0 75.88 WARN
r-devel-windows-x86_64-new-UL 0.3.0 64.00 86.00 150.00 WARN
r-devel-windows-x86_64-new-TK 0.3.0 WARN
r-patched-linux-x86_64 0.3.0 11.90 51.13 63.03 OK
r-release-linux-x86_64 0.3.0 12.59 51.10 63.69 OK
r-release-macos-arm64 0.3.0 OK
r-release-macos-x86_64 0.3.0 OK
r-release-windows-ix86+x86_64 0.3.0 51.00 82.00 133.00 OK
r-oldrel-macos-x86_64 0.3.0 OK
r-oldrel-windows-ix86+x86_64 0.3.0 51.00 83.00 134.00 OK

Check Details

Version: 0.3.0
Check: whether package can be installed
Result: WARN
    Found the following significant warnings:
     redefine.c:147:40: warning: passing 'char *' to parameter of type 'unsigned char *' converts between pointers to integer types where one is of the unique plain 'char' type and the other is not [-Wpointer-sign]
     redefine.c:147:10: warning: returning 'unsigned char *' from a function with result type 'char *' converts between pointers to integer types where one is of the unique plain 'char' type and the other is not [-Wpointer-sign]
     redefine.c:155:45: warning: passing 'const char *' to parameter of type 'const unsigned char *' converts between pointers to integer types where one is of the unique plain 'char' type and the other is not [-Wpointer-sign]
     redefine.c:166:40: warning: passing 'const char *' to parameter of type 'const unsigned char *' converts between pointers to integer types where one is of the unique plain 'char' type and the other is not [-Wpointer-sign]
     rulebasedmodels.c:205:12: warning: returning 'unsigned char *' from a function with result type 'char *' converts between pointers to integer types where one is of the unique plain 'char' type and the other is not [-Wpointer-sign]
     strbuf.c:206:22: warning: passing 'unsigned char *' to parameter of type 'char *' converts between pointers to integer types where one is of the unique plain 'char' type and the other is not [-Wpointer-sign]
     strbuf.c:206:45: warning: passing 'const unsigned char *' to parameter of type 'const char *' converts between pointers to integer types where one is of the unique plain 'char' type and the other is not [-Wpointer-sign]
     strbuf.c:241:19: warning: passing 'unsigned char *' to parameter of type 'char *' converts between pointers to integer types where one is of the unique plain 'char' type and the other is not [-Wpointer-sign]
     strbuf.c:241:42: warning: passing 'const unsigned char *' to parameter of type 'const char *' converts between pointers to integer types where one is of the unique plain 'char' type and the other is not [-Wpointer-sign]
     strbuf.c:268:37: warning: passing 'const unsigned char *' to parameter of type 'const char *' converts between pointers to integer types where one is of the unique plain 'char' type and the other is not [-Wpointer-sign]
     top.c:47:41: warning: passing 'char *' to parameter of type 'unsigned char *' converts between pointers to integer types where one is of the unique plain 'char' type and the other is not [-Wpointer-sign]
     top.c:53:41: warning: passing 'char *' to parameter of type 'unsigned char *' converts between pointers to integer types where one is of the unique plain 'char' type and the other is not [-Wpointer-sign]
     top.c:69:11: warning: initializing 'char *' with an expression of type 'unsigned char *' converts between pointers to integer types where one is of the unique plain 'char' type and the other is not [-Wpointer-sign]
     top.c:109:41: warning: passing 'char *' to parameter of type 'unsigned char *' converts between pointers to integer types where one is of the unique plain 'char' type and the other is not [-Wpointer-sign]
     top.c:112:41: warning: passing 'char *' to parameter of type 'unsigned char *' converts between pointers to integer types where one is of the unique plain 'char' type and the other is not [-Wpointer-sign]
     top.c:115:41: warning: passing 'char *' to parameter of type 'unsigned char *' converts between pointers to integer types where one is of the unique plain 'char' type and the other is not [-Wpointer-sign]
     top.c:119:42: warning: passing 'char *' to parameter of type 'unsigned char *' converts between pointers to integer types where one is of the unique plain 'char' type and the other is not [-Wpointer-sign]
Flavors: r-devel-linux-x86_64-debian-clang, r-devel-linux-x86_64-fedora-clang

Version: 0.3.0
Check: whether package can be installed
Result: WARN
    Found the following significant warnings:
     redefine.c:147:40: warning: pointer targets in passing argument 2 of ‘strbuf_gets’ differ in signedness [-Wpointer-sign]
     redefine.c:147:10: warning: pointer targets in returning ‘unsigned char *’ from a function with return type ‘char *’ differ in signedness [-Wpointer-sign]
     redefine.c:155:45: warning: pointer targets in passing argument 2 of ‘strbuf_vprintf’ differ in signedness [-Wpointer-sign]
     redefine.c:166:40: warning: pointer targets in passing argument 2 of ‘strbuf_puts’ differ in signedness [-Wpointer-sign]
     rulebasedmodels.c:205:12: warning: pointer targets in returning ‘unsigned char *’ from a function with return type ‘char *’ differ in signedness [-Wpointer-sign]
     strbuf.c:206:30: warning: pointer targets in passing argument 1 of ‘vsnprintf’ differ in signedness [-Wpointer-sign]
     strbuf.c:206:45: warning: pointer targets in passing argument 3 of ‘vsnprintf’ differ in signedness [-Wpointer-sign]
     strbuf.c:241:27: warning: pointer targets in passing argument 1 of ‘vsnprintf’ differ in signedness [-Wpointer-sign]
     strbuf.c:241:42: warning: pointer targets in passing argument 3 of ‘vsnprintf’ differ in signedness [-Wpointer-sign]
     strbuf.c:268:37: warning: pointer targets in passing argument 1 of ‘strlen’ differ in signedness [-Wpointer-sign]
     top.c:47:41: warning: pointer targets in passing argument 1 of ‘strbuf_create_full’ differ in signedness [-Wpointer-sign]
     top.c:53:41: warning: pointer targets in passing argument 1 of ‘strbuf_create_full’ differ in signedness [-Wpointer-sign]
     top.c:69:25: warning: pointer targets in initialization of ‘char *’ from ‘unsigned char *’ differ in signedness [-Wpointer-sign]
     top.c:109:41: warning: pointer targets in passing argument 1 of ‘strbuf_create_full’ differ in signedness [-Wpointer-sign]
     top.c:112:41: warning: pointer targets in passing argument 1 of ‘strbuf_create_full’ differ in signedness [-Wpointer-sign]
     top.c:115:41: warning: pointer targets in passing argument 1 of ‘strbuf_create_full’ differ in signedness [-Wpointer-sign]
     top.c:119:42: warning: pointer targets in passing argument 1 of ‘strbuf_create_full’ differ in signedness [-Wpointer-sign]
Flavors: r-devel-linux-x86_64-debian-gcc, r-devel-linux-x86_64-fedora-gcc

Version: 0.3.0
Check: Rd cross-references
Result: NOTE
    Undeclared package ‘caret’ in Rd xrefs
Flavor: r-devel-linux-x86_64-fedora-clang

Version: 0.3.0
Check: whether package can be installed
Result: WARN
    Found the following significant warnings:
     redefine.c:147:40: warning: pointer targets in passing argument 2 of 'strbuf_gets' differ in signedness [-Wpointer-sign]
     redefine.c:147:10: warning: pointer targets in returning 'unsigned char *' from a function with return type 'char *' differ in signedness [-Wpointer-sign]
     redefine.c:155:45: warning: pointer targets in passing argument 2 of 'strbuf_vprintf' differ in signedness [-Wpointer-sign]
     redefine.c:166:40: warning: pointer targets in passing argument 2 of 'strbuf_puts' differ in signedness [-Wpointer-sign]
     rulebasedmodels.c:205:12: warning: pointer targets in returning 'unsigned char *' from a function with return type 'char *' differ in signedness [-Wpointer-sign]
     strbuf.c:206:30: warning: pointer targets in passing argument 1 of 'vsnprintf' differ in signedness [-Wpointer-sign]
     strbuf.c:206:45: warning: pointer targets in passing argument 3 of 'vsnprintf' differ in signedness [-Wpointer-sign]
     strbuf.c:214:22: warning: pointer targets in passing argument 1 of '_vscprintf' differ in signedness [-Wpointer-sign]
     strbuf.c:241:27: warning: pointer targets in passing argument 1 of 'vsnprintf' differ in signedness [-Wpointer-sign]
     strbuf.c:241:42: warning: pointer targets in passing argument 3 of 'vsnprintf' differ in signedness [-Wpointer-sign]
     strbuf.c:268:37: warning: pointer targets in passing argument 1 of 'strlen' differ in signedness [-Wpointer-sign]
     top.c:47:41: warning: pointer targets in passing argument 1 of 'strbuf_create_full' differ in signedness [-Wpointer-sign]
     top.c:53:41: warning: pointer targets in passing argument 1 of 'strbuf_create_full' differ in signedness [-Wpointer-sign]
     top.c:69:25: warning: pointer targets in initialization of 'char *' from 'unsigned char *' differ in signedness [-Wpointer-sign]
     top.c:109:41: warning: pointer targets in passing argument 1 of 'strbuf_create_full' differ in signedness [-Wpointer-sign]
     top.c:112:41: warning: pointer targets in passing argument 1 of 'strbuf_create_full' differ in signedness [-Wpointer-sign]
     top.c:115:41: warning: pointer targets in passing argument 1 of 'strbuf_create_full' differ in signedness [-Wpointer-sign]
     top.c:119:42: warning: pointer targets in passing argument 1 of 'strbuf_create_full' differ in signedness [-Wpointer-sign]
Flavors: r-devel-windows-x86_64-new-UL, r-devel-windows-x86_64-new-TK