Last updated on 2022-06-26 07:53:39 CEST.
Flavor | Version | Tinstall | Tcheck | Ttotal | Status | Flags |
---|---|---|---|---|---|---|
r-devel-linux-x86_64-debian-clang | 0.4.0 | 14.68 | 48.04 | 62.72 | OK | |
r-devel-linux-x86_64-debian-gcc | 0.4.0 | 12.82 | 36.94 | 49.76 | OK | |
r-devel-linux-x86_64-fedora-clang | 0.4.0 | 85.71 | NOTE | |||
r-devel-linux-x86_64-fedora-gcc | 0.4.0 | 85.41 | OK | |||
r-devel-windows-x86_64 | 0.4.0 | 42.00 | 87.00 | 129.00 | OK | |
r-patched-linux-x86_64 | 0.4.0 | 14.88 | 46.41 | 61.29 | OK | |
r-release-linux-x86_64 | 0.4.0 | 11.85 | 45.82 | 57.67 | OK | |
r-release-macos-arm64 | 0.4.0 | 32.00 | OK | |||
r-release-macos-x86_64 | 0.4.0 | 42.00 | OK | |||
r-release-windows-x86_64 | 0.4.0 | 49.00 | 88.00 | 137.00 | OK | |
r-oldrel-macos-arm64 | 0.4.0 | 29.00 | OK | |||
r-oldrel-macos-x86_64 | 0.4.0 | 40.00 | OK | |||
r-oldrel-windows-ix86+x86_64 | 0.4.0 | 54.00 | 89.00 | 143.00 | OK |
Version: 0.4.0
Check: Rd cross-references
Result: NOTE
Undeclared package ‘caret’ in Rd xrefs
Flavor: r-devel-linux-x86_64-fedora-clang