CRAN Package Check Results for Package Cubist

Last updated on 2022-10-02 05:49:02 CEST.

Flavor Version Tinstall Tcheck Ttotal Status Flags
r-devel-linux-x86_64-debian-clang 0.4.0 16.75 49.37 66.12 OK
r-devel-linux-x86_64-debian-gcc 0.4.0 12.74 37.92 50.66 OK
r-devel-linux-x86_64-fedora-clang 0.4.0 92.64 NOTE
r-devel-linux-x86_64-fedora-gcc 0.4.0 87.31 OK
r-devel-windows-x86_64 0.4.0 36.00 90.00 126.00 OK
r-patched-linux-x86_64 0.4.0 14.20 47.91 62.11 OK
r-release-linux-x86_64 0.4.0 14.08 47.60 61.68 OK
r-release-macos-arm64 0.4.0 32.00 OK
r-release-macos-x86_64 0.4.0 42.00 OK
r-release-windows-x86_64 0.4.0 37.00 91.00 128.00 OK
r-oldrel-macos-arm64 0.4.0 29.00 OK
r-oldrel-macos-x86_64 0.4.0 40.00 OK
r-oldrel-windows-ix86+x86_64 0.4.0 57.00 92.00 149.00 OK

Check Details

Version: 0.4.0
Check: Rd cross-references
Result: NOTE
    Undeclared package ‘caret’ in Rd xrefs
Flavor: r-devel-linux-x86_64-fedora-clang