CRAN Package Check Results for Package D3partitionR

Last updated on 2021-03-02 17:51:53 CET.

Flavor Version Tinstall Tcheck Ttotal Status Flags
r-devel-linux-x86_64-debian-clang 0.5.0 OK
r-devel-linux-x86_64-debian-gcc 0.5.0 2.94 23.67 26.61 OK
r-devel-linux-x86_64-fedora-clang 0.5.0 50.01 NOTE
r-devel-linux-x86_64-fedora-gcc 0.5.0 39.79 NOTE
r-devel-windows-ix86+x86_64 0.5.0 8.00 45.00 53.00 OK
r-patched-linux-x86_64 0.5.0 3.01 29.30 32.31 OK
r-patched-solaris-x86 0.5.0 62.80 NOTE
r-release-linux-x86_64 0.5.0 3.47 29.08 32.55 OK
r-release-macos-x86_64 0.5.0 NOTE
r-release-windows-ix86+x86_64 0.5.0 6.00 33.00 39.00 OK
r-oldrel-macos-x86_64 0.5.0 NOTE
r-oldrel-windows-ix86+x86_64 0.5.0 6.00 44.00 50.00 OK

Check Details

Version: 0.5.0
Check: dependencies in R code
Result: NOTE
    Namespace in Imports field not imported from: ‘titanic’
     All declared Imports should be used.
Flavors: r-devel-linux-x86_64-fedora-clang, r-devel-linux-x86_64-fedora-gcc, r-patched-solaris-x86, r-release-macos-x86_64, r-oldrel-macos-x86_64

Version: 0.5.0
Check: installed package size
Result: NOTE
     installed size is 5.2Mb
     sub-directories of 1Mb or more:
     img 4.7Mb
Flavor: r-patched-solaris-x86