CRAN Package Check Results for Package DA

Last updated on 2025-01-19 03:49:15 CET.

Flavor Version Tinstall Tcheck Ttotal Status Flags
r-devel-linux-x86_64-debian-clang 1.2.0 16.74 142.00 158.74 OK
r-devel-linux-x86_64-debian-gcc 1.2.0 11.62 99.04 110.66 OK
r-devel-linux-x86_64-fedora-clang 1.2.0 253.57 OK
r-devel-linux-x86_64-fedora-gcc 1.2.0 255.45 OK
r-devel-windows-x86_64 1.2.0 16.00 140.00 156.00 OK
r-patched-linux-x86_64 1.2.0 12.28 131.76 144.04 OK
r-release-linux-x86_64 1.2.0 14.75 129.50 144.25 OK
r-release-macos-arm64 1.2.0 73.00 NOTE
r-release-macos-x86_64 1.2.0 106.00 NOTE
r-release-windows-x86_64 1.2.0 17.00 142.00 159.00 NOTE
r-oldrel-macos-arm64 1.2.0 84.00 NOTE
r-oldrel-macos-x86_64 1.2.0 137.00 NOTE
r-oldrel-windows-x86_64 1.2.0 23.00 177.00 200.00 NOTE

Check Details

Version: 1.2.0
Check: installed package size
Result: NOTE installed size is 5.1Mb sub-directories of 1Mb or more: doc 4.4Mb Flavors: r-release-macos-arm64, r-release-macos-x86_64, r-release-windows-x86_64, r-oldrel-macos-arm64, r-oldrel-macos-x86_64, r-oldrel-windows-x86_64