CRAN Package Check Results for Package DA

Last updated on 2025-06-22 06:49:26 CEST.

Flavor Version Tinstall Tcheck Ttotal Status Flags
r-devel-linux-x86_64-debian-clang 1.2.0 17.00 146.79 163.79 OK
r-devel-linux-x86_64-debian-gcc 1.2.0 11.21 105.77 116.98 OK
r-devel-linux-x86_64-fedora-clang 1.2.0 252.46 OK
r-devel-linux-x86_64-fedora-gcc 1.2.0 267.12 OK
r-devel-windows-x86_64 1.2.0 17.00 140.00 157.00 OK
r-patched-linux-x86_64 1.2.0 15.41 140.53 155.94 OK
r-release-linux-x86_64 1.2.0 15.67 138.34 154.01 OK
r-release-macos-arm64 1.2.0 75.00 OK
r-release-macos-x86_64 1.2.0 163.00 OK
r-release-windows-x86_64 1.2.0 18.00 137.00 155.00 OK
r-oldrel-macos-arm64 1.2.0 73.00 NOTE
r-oldrel-macos-x86_64 1.2.0 106.00 NOTE
r-oldrel-windows-x86_64 1.2.0 24.00 189.00 213.00 NOTE

Check Details

Version: 1.2.0
Check: installed package size
Result: NOTE installed size is 5.1Mb sub-directories of 1Mb or more: doc 4.4Mb Flavors: r-oldrel-macos-arm64, r-oldrel-macos-x86_64, r-oldrel-windows-x86_64