CRAN Package Check Results for Package DAISIE

Last updated on 2022-01-24 17:49:52 CET.

Flavor Version Tinstall Tcheck Ttotal Status Flags
r-devel-linux-x86_64-debian-clang 3.0.1 17.06 487.10 504.16 OK
r-devel-linux-x86_64-debian-gcc 3.0.1 16.27 369.30 385.57 OK
r-devel-linux-x86_64-fedora-clang 3.0.1 604.35 OK
r-devel-linux-x86_64-fedora-gcc 3.0.1 624.49 OK
r-devel-windows-x86_64-new-UL 3.0.1 133.00 530.00 663.00 NOTE
r-devel-windows-x86_64-new-TK 3.0.1 NOTE
r-patched-linux-x86_64 3.0.1 20.44 474.55 494.99 OK
r-release-linux-x86_64 3.0.1 15.97 481.85 497.82 OK
r-release-macos-arm64 3.0.1 NOTE
r-release-macos-x86_64 3.0.1 NOTE
r-release-windows-ix86+x86_64 3.0.1 36.00 812.00 848.00 NOTE
r-oldrel-macos-x86_64 3.0.1 NOTE
r-oldrel-windows-ix86+x86_64 3.0.1 37.00 864.00 901.00 NOTE

Check Details

Version: 3.0.1
Check: package dependencies
Result: NOTE
    Package which this enhances but not available for checking: 'doMC'
Flavors: r-devel-windows-x86_64-new-UL, r-devel-windows-x86_64-new-TK, r-release-windows-ix86+x86_64, r-oldrel-windows-ix86+x86_64

Version: 3.0.1
Check: package dependencies
Result: NOTE
    Package suggested but not available for checking: ‘ggtree’
Flavors: r-release-macos-arm64, r-release-macos-x86_64, r-oldrel-macos-x86_64