CRAN Package Check Results for Package DAISIE

Last updated on 2020-10-02 00:46:51 CEST.

Flavor Version Tinstall Tcheck Ttotal Status Flags
r-devel-linux-x86_64-debian-clang 3.0.1 18.93 525.36 544.29 OK
r-devel-linux-x86_64-debian-gcc 3.0.1 15.41 393.41 408.82 OK
r-devel-linux-x86_64-fedora-clang 3.0.1 660.55 OK
r-devel-linux-x86_64-fedora-gcc 3.0.1 637.28 OK
r-devel-windows-ix86+x86_64 3.0.1 27.00 862.00 889.00 NOTE
r-patched-linux-x86_64 3.0.1 19.15 512.64 531.79 OK
r-patched-solaris-x86 3.0.1 928.90 OK
r-release-linux-x86_64 3.0.1 17.02 508.83 525.85 OK
r-release-macos-x86_64 3.0.1 NOTE
r-release-windows-ix86+x86_64 3.0.1 34.00 873.00 907.00 NOTE
r-oldrel-macos-x86_64 3.0.1 OK
r-oldrel-windows-ix86+x86_64 3.0.1 30.00 828.00 858.00 NOTE

Check Details

Version: 3.0.1
Check: package dependencies
Result: NOTE
    Package which this enhances but not available for checking: 'doMC'
Flavors: r-devel-windows-ix86+x86_64, r-release-windows-ix86+x86_64, r-oldrel-windows-ix86+x86_64

Version: 3.0.1
Check: package dependencies
Result: NOTE
    Package suggested but not available for checking: ‘ggtree’
Flavor: r-release-macos-x86_64