CRAN Package Check Results for Package DAISIE

Last updated on 2024-07-18 03:56:33 CEST.

Flavor Version Tinstall Tcheck Ttotal Status Flags
r-devel-linux-x86_64-debian-clang 4.4.1 175.84 599.78 775.62 OK
r-devel-linux-x86_64-debian-gcc 4.4.1 112.29 407.46 519.75 OK
r-devel-linux-x86_64-fedora-clang 4.4.1 944.42 OK
r-devel-linux-x86_64-fedora-gcc 4.4.1 982.09 OK
r-devel-windows-x86_64 4.4.1 110.00 495.00 605.00 NOTE
r-patched-linux-x86_64 4.4.1 150.68 600.50 751.18 OK
r-release-linux-x86_64 4.4.1 103.45 618.94 722.39 OK
r-release-macos-arm64 4.4.1 216.00 NOTE
r-release-macos-x86_64 4.4.1 372.00 NOTE
r-release-windows-x86_64 4.4.1 112.00 429.00 541.00 NOTE
r-oldrel-macos-arm64 4.4.1 270.00 NOTE
r-oldrel-macos-x86_64 4.4.1 579.00 NOTE
r-oldrel-windows-x86_64 4.4.1 135.00 579.00 714.00 NOTE

Check Details

Version: 4.4.1
Check: package dependencies
Result: NOTE Package which this enhances but not available for checking: 'doMC' Flavors: r-devel-windows-x86_64, r-release-windows-x86_64, r-oldrel-windows-x86_64

Version: 4.4.1
Check: Rd cross-references
Result: NOTE Found the following Rd file(s) with Rd \link{} targets missing package anchors: DAISIE_ML.Rd: deSolve DAISIE_ML1.Rd: deSolve DAISIE_ML2.Rd: deSolve DAISIE_ML4.Rd: deSolve DAISIE_ML_IW.Rd: deSolve DAISIE_loglik_integrand.Rd: deSolve DAISIE_loglik_integrate.Rd: deSolve default_params_doc.Rd: deSolve Please provide package anchors for all Rd \link{} targets not in the package itself and the base packages. Flavor: r-devel-windows-x86_64

Version: 4.4.1
Check: installed package size
Result: NOTE installed size is 37.9Mb sub-directories of 1Mb or more: libs 35.9Mb Flavors: r-release-macos-arm64, r-release-macos-x86_64, r-oldrel-macos-arm64, r-oldrel-macos-x86_64