CRAN Package Check Results for Package DALEX

Last updated on 2019-05-22 07:49:43 CEST.

Flavor Version Tinstall Tcheck Ttotal Status Flags
r-devel-linux-x86_64-debian-clang 0.4 4.52 83.32 87.84 OK
r-devel-linux-x86_64-debian-gcc 0.4 4.15 63.40 67.55 OK
r-devel-linux-x86_64-fedora-clang 0.4 104.22 OK
r-devel-linux-x86_64-fedora-gcc 0.4 102.62 OK
r-devel-windows-ix86+x86_64 0.4 25.00 112.00 137.00 OK
r-patched-linux-x86_64 0.4 4.03 77.45 81.48 OK
r-patched-solaris-x86 0.4 165.80 NOTE
r-release-linux-x86_64 0.4 4.75 78.29 83.04 OK
r-release-windows-ix86+x86_64 0.4 30.00 130.00 160.00 OK
r-release-osx-x86_64 0.4 OK
r-oldrel-windows-ix86+x86_64 0.4 11.00 99.00 110.00 OK
r-oldrel-osx-x86_64 0.4 OK

Check Details

Version: 0.4
Check: package dependencies
Result: NOTE
    Package suggested but not available for checking: ‘xgboost’
Flavor: r-patched-solaris-x86