CRAN Package Check Results for Package DALY

Last updated on 2024-05-30 01:55:44 CEST.

Flavor Version Tinstall Tcheck Ttotal Status Flags
r-devel-linux-x86_64-debian-clang 1.5.0 10.20 48.51 58.71 OK
r-devel-linux-x86_64-debian-gcc 1.5.0 7.06 36.77 43.83 OK
r-devel-linux-x86_64-fedora-clang 1.5.0 77.92 NOTE
r-devel-linux-x86_64-fedora-gcc 1.5.0 72.05 NOTE
r-devel-windows-x86_64 1.5.0 9.00 60.00 69.00 OK
r-patched-linux-x86_64 1.5.0 9.66 46.38 56.04 OK
r-release-linux-x86_64 1.5.0 10.77 47.64 58.41 OK
r-release-macos-arm64 1.5.0 31.00 OK
r-release-windows-x86_64 1.5.0 8.00 60.00 68.00 OK
r-oldrel-macos-arm64 1.5.0 25.00 OK
r-oldrel-macos-x86_64 1.5.0 40.00 OK
r-oldrel-windows-x86_64 1.5.0 11.00 78.00 89.00 OK

Check Details

Version: 1.5.0
Check: compiled code
Result: NOTE File ‘DALY/libs/DALY.so’: Found no calls to: ‘R_registerRoutines’, ‘R_useDynamicSymbols’ It is good practice to register native routines and to disable symbol search. See ‘Writing portable packages’ in the ‘Writing R Extensions’ manual. Flavors: r-devel-linux-x86_64-fedora-clang, r-devel-linux-x86_64-fedora-gcc