CRAN Package Check Results for Package DAP

Last updated on 2021-11-30 02:50:56 CET.

Flavor Version Tinstall Tcheck Ttotal Status Flags
r-devel-linux-x86_64-debian-clang 1.0 3.15 23.40 26.55 NOTE
r-devel-linux-x86_64-debian-gcc 1.0 1.65 18.40 20.05 NOTE
r-devel-linux-x86_64-fedora-clang 1.0 43.39 NOTE
r-devel-linux-x86_64-fedora-gcc 1.0 33.55 NOTE
r-devel-windows-x86_64-new-UL 1.0 10.00 57.00 67.00 NOTE
r-devel-windows-x86_64-new-TK 1.0 NOTE
r-devel-windows-x86_64-old 1.0 6.00 35.00 41.00 NOTE
r-patched-linux-x86_64 1.0 2.72 22.35 25.07 NOTE
r-patched-solaris-x86 1.0 50.40 NOTE
r-release-linux-x86_64 1.0 2.53 22.43 24.96 NOTE
r-release-macos-arm64 1.0 NOTE
r-release-macos-x86_64 1.0 NOTE
r-release-windows-ix86+x86_64 1.0 10.00 39.00 49.00 NOTE
r-oldrel-macos-x86_64 1.0 OK
r-oldrel-windows-ix86+x86_64 1.0 8.00 50.00 58.00 OK

Check Details

Version: 1.0
Check: LazyData
Result: NOTE
     'LazyData' is specified without a 'data' directory
Flavors: r-devel-linux-x86_64-debian-clang, r-devel-linux-x86_64-debian-gcc, r-devel-linux-x86_64-fedora-clang, r-devel-linux-x86_64-fedora-gcc, r-devel-windows-x86_64-new-UL, r-devel-windows-x86_64-new-TK, r-devel-windows-x86_64-old, r-patched-linux-x86_64, r-patched-solaris-x86, r-release-linux-x86_64, r-release-macos-arm64, r-release-macos-x86_64, r-release-windows-ix86+x86_64