Last updated on 2023-06-07 20:04:38 CEST.
Flavor | Version | Tinstall | Tcheck | Ttotal | Status | Flags |
---|---|---|---|---|---|---|
r-devel-linux-x86_64-debian-clang | 0.0.3 | 11.39 | 106.62 | 118.01 | OK | |
r-devel-linux-x86_64-debian-gcc | 0.0.3 | 9.47 | 80.55 | 90.02 | OK | |
r-devel-linux-x86_64-fedora-clang | 0.0.3 | 152.25 | OK | |||
r-devel-linux-x86_64-fedora-gcc | 0.0.3 | 145.24 | OK | |||
r-devel-windows-x86_64 | 0.0.3 | 12.00 | 96.00 | 108.00 | OK | |
r-patched-linux-x86_64 | 0.0.3 | 12.35 | 102.13 | 114.48 | OK | |
r-release-linux-x86_64 | 0.0.3 | 10.89 | 102.84 | 113.73 | OK | |
r-release-macos-arm64 | 0.0.3 | 49.00 | OK | |||
r-release-macos-x86_64 | 0.0.3 | 71.00 | OK | |||
r-release-windows-x86_64 | 0.0.3 | 16.00 | 114.00 | 130.00 | OK | |
r-oldrel-macos-arm64 | 8.00 | ERROR | ||||
r-oldrel-macos-x86_64 | 0.0.3 | 10.00 | ERROR | |||
r-oldrel-windows-x86_64 | 0.0.3 | 14.00 | 118.00 | 132.00 | OK |
Version: 0.0.3
Check: package dependencies
Result: ERROR
Package required and available but unsuitable version: ‘methods’
See section ‘The DESCRIPTION file’ in the ‘Writing R Extensions’
manual.
Flavors: r-oldrel-macos-arm64, r-oldrel-macos-x86_64