CRAN Package Check Results for Package DBI

Last updated on 2022-10-07 10:53:03 CEST.

Flavor Version Tinstall Tcheck Ttotal Status Flags
r-devel-linux-x86_64-debian-clang 1.1.3 7.20 93.24 100.44 OK
r-devel-linux-x86_64-debian-gcc 1.1.3 5.36 70.67 76.03 OK
r-devel-linux-x86_64-fedora-clang 1.1.3 141.98 NOTE
r-devel-linux-x86_64-fedora-gcc 1.1.3 129.66 OK
r-devel-windows-x86_64 1.1.3 74.00 433.00 507.00 OK
r-patched-linux-x86_64 1.1.3 9.10 85.35 94.45 OK
r-release-linux-x86_64 1.1.3 6.77 86.10 92.87 OK
r-release-macos-arm64 1.1.3 93.00 OK
r-release-macos-x86_64 1.1.3 149.00 OK
r-release-windows-x86_64 1.1.3 73.00 378.00 451.00 OK
r-oldrel-macos-arm64 1.1.3 92.00 OK
r-oldrel-macos-x86_64 1.1.3 160.00 OK
r-oldrel-windows-ix86+x86_64 1.1.3 17.00 116.00 133.00 OK

Check Details

Version: 1.1.3
Check: Rd cross-references
Result: NOTE
    Undeclared package ‘withr’ in Rd xrefs
Flavor: r-devel-linux-x86_64-fedora-clang