CRAN Package Check Results for Package DBI

Last updated on 2020-10-30 10:50:28 CET.

Flavor Version Tinstall Tcheck Ttotal Status Flags
r-devel-linux-x86_64-debian-clang 1.1.0 6.59 59.87 66.46 OK
r-devel-linux-x86_64-debian-gcc 1.1.0 5.26 46.74 52.00 OK
r-devel-linux-x86_64-fedora-clang 1.1.0 88.29 OK
r-devel-linux-x86_64-fedora-gcc 1.1.0 101.26 OK
r-devel-windows-ix86+x86_64 1.1.0 14.00 91.00 105.00 OK
r-patched-linux-x86_64 1.1.0 6.29 58.08 64.37 OK
r-patched-solaris-x86 1.1.0 104.90 OK
r-release-linux-x86_64 1.1.0 6.51 56.75 63.26 OK
r-release-macos-x86_64 1.1.0 WARN
r-release-windows-ix86+x86_64 1.1.0 13.00 70.00 83.00 OK
r-oldrel-macos-x86_64 1.1.0 OK
r-oldrel-windows-ix86+x86_64 1.1.0 22.00 87.00 109.00 OK

Check Details

Version: 1.1.0
Check: re-building of vignette outputs
Result: WARN
    Error(s) in re-building vignettes:
    --- re-building ‘DBI-1.Rmd’ using rmarkdown
    Warning in engine$weave(file, quiet = quiet, encoding = enc) :
     Pandoc (>= 1.12.3) and/or pandoc-citeproc not available. Falling back to R Markdown v1.
    --- finished re-building ‘DBI-1.Rmd’
    
    --- re-building ‘DBI-history.Rmd’ using rmarkdown
    Warning in engine$weave(file, quiet = quiet, encoding = enc) :
     Pandoc (>= 1.12.3) and/or pandoc-citeproc not available. Falling back to R Markdown v1.
    --- finished re-building ‘DBI-history.Rmd’
    
    --- re-building ‘DBI-proposal.Rmd’ using rmarkdown
    Warning in engine$weave(file, quiet = quiet, encoding = enc) :
     Pandoc (>= 1.12.3) and/or pandoc-citeproc not available. Falling back to R Markdown v1.
    --- finished re-building ‘DBI-proposal.Rmd’
    
    --- re-building ‘DBI.Rmd’ using rmarkdown
    Warning in engine$weave(file, quiet = quiet, encoding = enc) :
     Pandoc (>= 1.12.3) and/or pandoc-citeproc not available. Falling back to R Markdown v1.
    Quitting from lines 45-49 (DBI.Rmd)
    Error: processing vignette 'DBI.Rmd' failed with diagnostics:
    error in evaluating the argument 'drv' in selecting a method for function 'dbConnect': there is no package called 'bit'
    --- failed re-building ‘DBI.Rmd’
    
    --- re-building ‘backend.Rmd’ using rmarkdown
    Warning in engine$weave(file, quiet = quiet, encoding = enc) :
     Pandoc (>= 1.12.3) and/or pandoc-citeproc not available. Falling back to R Markdown v1.
    --- finished re-building ‘backend.Rmd’
    
    --- re-building ‘spec.Rmd’ using rmarkdown
    Warning in engine$weave(file, quiet = quiet, encoding = enc) :
     Pandoc (>= 1.12.3) and/or pandoc-citeproc not available. Falling back to R Markdown v1.
    sh: +RTS: command not found
    --- finished re-building ‘spec.Rmd’
    
    SUMMARY: processing the following file failed:
     ‘DBI.Rmd’
    
    Error: Vignette re-building failed.
    Execution halted
Flavor: r-release-macos-x86_64