CRAN Package Check Results for Package DCCA

Last updated on 2022-09-24 23:57:31 CEST.

Flavor Version Tinstall Tcheck Ttotal Status Flags
r-devel-linux-x86_64-debian-clang 0.1.1 6.86 26.44 33.30 NOTE
r-devel-linux-x86_64-debian-gcc 0.1.1 5.55 20.82 26.37 NOTE
r-devel-linux-x86_64-fedora-clang 0.1.1 51.90 NOTE
r-devel-linux-x86_64-fedora-gcc 0.1.1 51.37 NOTE
r-devel-windows-x86_64 0.1.1 17.00 57.00 74.00 NOTE
r-patched-linux-x86_64 0.1.1 6.42 25.05 31.47 NOTE
r-release-linux-x86_64 0.1.1 5.14 25.27 30.41 NOTE
r-release-macos-arm64 0.1.1 20.00 NOTE
r-release-macos-x86_64 0.1.1 23.00 NOTE
r-release-windows-x86_64 0.1.1 13.00 57.00 70.00 NOTE
r-oldrel-macos-arm64 0.1.1 25.00 NOTE
r-oldrel-macos-x86_64 0.1.1 29.00 NOTE
r-oldrel-windows-ix86+x86_64 0.1.1 15.00 57.00 72.00 NOTE

Check Details

Version: 0.1.1
Check: LazyData
Result: NOTE
     'LazyData' is specified without a 'data' directory
Flavors: r-devel-linux-x86_64-debian-clang, r-devel-linux-x86_64-debian-gcc, r-devel-linux-x86_64-fedora-clang, r-devel-linux-x86_64-fedora-gcc, r-devel-windows-x86_64, r-patched-linux-x86_64, r-release-linux-x86_64, r-release-macos-arm64, r-release-macos-x86_64, r-release-windows-x86_64, r-oldrel-macos-arm64, r-oldrel-macos-x86_64, r-oldrel-windows-ix86+x86_64