CRAN Package Check Results for Package DCEmgmt

Last updated on 2024-04-13 14:49:24 CEST.

Flavor Version Tinstall Tcheck Ttotal Status Flags
r-devel-linux-x86_64-debian-clang 0.0.1 3.81 30.23 34.04 NOTE
r-devel-linux-x86_64-debian-gcc 0.0.1 3.75 22.90 26.65 NOTE
r-devel-linux-x86_64-fedora-clang 0.0.1 46.24 NOTE
r-devel-linux-x86_64-fedora-gcc 0.0.1 57.17 NOTE
r-devel-windows-x86_64 0.0.1 5.00 44.00 49.00 NOTE
r-patched-linux-x86_64 0.0.1 4.21 29.03 33.24 NOTE
r-release-linux-x86_64 0.0.1 5.46 27.44 32.90 OK
r-release-macos-arm64 0.0.1 26.00 OK
r-release-macos-x86_64 0.0.1 36.00 OK
r-release-windows-x86_64 0.0.1 7.00 43.00 50.00 OK
r-oldrel-macos-arm64 0.0.1 21.00 NOTE
r-oldrel-windows-x86_64 0.0.1 8.00 49.00 57.00 OK

Check Details

Version: 0.0.1
Check: Rd files
Result: NOTE checkRd: (-1) data.Rd:11: Lost braces 11 | \doi{10.1007/s40258-021-00647-3}{DOI} | ^ Flavors: r-devel-linux-x86_64-debian-clang, r-devel-linux-x86_64-debian-gcc, r-devel-linux-x86_64-fedora-clang, r-devel-linux-x86_64-fedora-gcc, r-devel-windows-x86_64, r-patched-linux-x86_64

Version: 0.0.1
Check: data for non-ASCII characters
Result: NOTE Note: found 122 marked UTF-8 strings Flavors: r-devel-linux-x86_64-fedora-clang, r-devel-linux-x86_64-fedora-gcc, r-oldrel-macos-arm64