Last updated on 2023-02-01 19:54:04 CET.
Flavor | Version | Tinstall | Tcheck | Ttotal | Status | Flags |
---|---|---|---|---|---|---|
r-devel-linux-x86_64-debian-clang | 0.5.3 | 318.79 | 109.42 | 428.21 | NOTE | |
r-devel-linux-x86_64-debian-gcc | 0.5.3 | 260.84 | 92.42 | 353.26 | NOTE | |
r-devel-linux-x86_64-fedora-clang | 0.5.3 | 540.60 | NOTE | |||
r-devel-linux-x86_64-fedora-gcc | 0.5.3 | 581.41 | NOTE | |||
r-devel-windows-x86_64 | 0.5.3 | 211.00 | 191.00 | 402.00 | NOTE | |
r-patched-linux-x86_64 | 0.5.3 | 206.25 | 118.33 | 324.58 | NOTE | |
r-release-linux-x86_64 | 0.5.3 | 221.12 | 124.51 | 345.63 | NOTE | |
r-release-macos-arm64 | 0.5.3 | 160.00 | NOTE | |||
r-release-macos-x86_64 | 0.5.3 | 273.00 | NOTE | |||
r-release-windows-x86_64 | 0.5.3 | 191.00 | 191.00 | 382.00 | NOTE | |
r-oldrel-macos-arm64 | 0.5.3 | 182.00 | NOTE | |||
r-oldrel-macos-x86_64 | 0.5.3 | 263.00 | NOTE | |||
r-oldrel-windows-ix86+x86_64 | 0.5.3 | 630.00 | 206.00 | 836.00 | NOTE |
Version: 0.5.3
Check: C++ specification
Result: NOTE
Specified C++14: please update to current default of C++17
Flavors: r-devel-linux-x86_64-debian-clang, r-devel-linux-x86_64-debian-gcc, r-devel-linux-x86_64-fedora-clang, r-devel-linux-x86_64-fedora-gcc, r-devel-windows-x86_64
Version: 0.5.3
Check: for GNU extensions in Makefiles
Result: NOTE
GNU make is a SystemRequirements.
Flavors: r-devel-linux-x86_64-debian-clang, r-devel-linux-x86_64-debian-gcc, r-devel-linux-x86_64-fedora-clang, r-devel-linux-x86_64-fedora-gcc, r-devel-windows-x86_64, r-patched-linux-x86_64, r-release-linux-x86_64, r-release-macos-arm64, r-release-macos-x86_64, r-release-windows-x86_64, r-oldrel-macos-arm64, r-oldrel-macos-x86_64, r-oldrel-windows-ix86+x86_64
Version: 0.5.3
Check: data for non-ASCII characters
Result: NOTE
Note: found 38 marked UTF-8 strings
Flavors: r-devel-linux-x86_64-fedora-clang, r-devel-linux-x86_64-fedora-gcc, r-release-macos-arm64, r-release-macos-x86_64, r-oldrel-macos-arm64, r-oldrel-macos-x86_64
Version: 0.5.3
Check: installed package size
Result: NOTE
installed size is 52.1Mb
sub-directories of 1Mb or more:
libs 51.7Mb
Flavors: r-release-macos-arm64, r-release-macos-x86_64, r-oldrel-macos-arm64, r-oldrel-macos-x86_64, r-oldrel-windows-ix86+x86_64