Last updated on 2023-06-02 17:55:49 CEST.
Flavor | Version | Tinstall | Tcheck | Ttotal | Status | Flags |
---|---|---|---|---|---|---|
r-devel-linux-x86_64-debian-clang | 0.5.3 | 358.81 | 106.89 | 465.70 | NOTE | |
r-devel-linux-x86_64-debian-gcc | 0.5.3 | 270.63 | 93.15 | 363.78 | NOTE | |
r-devel-linux-x86_64-fedora-clang | 0.5.3 | 518.95 | NOTE | |||
r-devel-linux-x86_64-fedora-gcc | 0.5.3 | 648.15 | NOTE | |||
r-devel-windows-x86_64 | 0.5.3 | 231.00 | 132.00 | 363.00 | NOTE | |
r-patched-linux-x86_64 | 0.5.3 | NOTE | ||||
r-release-linux-x86_64 | 0.5.3 | 219.08 | 116.80 | 335.88 | NOTE | |
r-release-macos-arm64 | 0.5.3 | 174.00 | NOTE | |||
r-release-macos-x86_64 | 0.5.3 | 283.00 | NOTE | |||
r-release-windows-x86_64 | 0.5.3 | 295.00 | 171.00 | 466.00 | NOTE | |
r-oldrel-macos-arm64 | 0.5.3 | 160.00 | NOTE | |||
r-oldrel-macos-x86_64 | 0.5.3 | 273.00 | NOTE | |||
r-oldrel-windows-x86_64 | 0.5.3 | 263.00 | 187.00 | 450.00 | NOTE |
Version: 0.5.3
Check: for GNU extensions in Makefiles
Result: NOTE
GNU make is a SystemRequirements.
Flavors: r-devel-linux-x86_64-debian-clang, r-devel-linux-x86_64-debian-gcc, r-devel-linux-x86_64-fedora-clang, r-devel-linux-x86_64-fedora-gcc, r-devel-windows-x86_64, r-patched-linux-x86_64, r-release-linux-x86_64, r-release-macos-arm64, r-release-macos-x86_64, r-release-windows-x86_64, r-oldrel-macos-arm64, r-oldrel-macos-x86_64, r-oldrel-windows-x86_64
Version: 0.5.3
Check: data for non-ASCII characters
Result: NOTE
Note: found 38 marked UTF-8 strings
Flavors: r-devel-linux-x86_64-fedora-clang, r-devel-linux-x86_64-fedora-gcc, r-oldrel-macos-arm64, r-oldrel-macos-x86_64
Version: 0.5.3
Check: installed package size
Result: NOTE
installed size is 53.3Mb
sub-directories of 1Mb or more:
libs 52.8Mb
Flavors: r-release-macos-arm64, r-release-macos-x86_64, r-oldrel-macos-arm64, r-oldrel-macos-x86_64