CRAN Package Check Results for Package DCPO

Last updated on 2022-09-27 06:55:31 CEST.

Flavor Version Tinstall Tcheck Ttotal Status Flags
r-devel-linux-x86_64-debian-clang 0.5.3 360.16 114.85 475.01 NOTE
r-devel-linux-x86_64-debian-gcc 0.5.3 260.41 94.79 355.20 NOTE
r-devel-linux-x86_64-fedora-clang 0.5.3 536.53 NOTE
r-devel-linux-x86_64-fedora-gcc 0.5.3 599.57 NOTE
r-devel-windows-x86_64 0.5.3 177.00 185.00 362.00 NOTE
r-patched-linux-x86_64 0.5.3 187.45 120.02 307.47 NOTE
r-release-linux-x86_64 0.5.3 197.47 124.38 321.85 NOTE
r-release-macos-arm64 0.5.3 160.00 NOTE
r-release-macos-x86_64 0.5.3 273.00 NOTE
r-release-windows-x86_64 0.5.3 566.00 183.00 749.00 NOTE
r-oldrel-macos-arm64 0.5.3 182.00 NOTE
r-oldrel-macos-x86_64 0.5.3 263.00 NOTE
r-oldrel-windows-ix86+x86_64 0.5.3 627.00 215.00 842.00 NOTE

Check Details

Version: 0.5.3
Check: for GNU extensions in Makefiles
Result: NOTE
    GNU make is a SystemRequirements.
Flavors: r-devel-linux-x86_64-debian-clang, r-devel-linux-x86_64-debian-gcc, r-devel-linux-x86_64-fedora-clang, r-devel-linux-x86_64-fedora-gcc, r-devel-windows-x86_64, r-patched-linux-x86_64, r-release-linux-x86_64, r-release-macos-arm64, r-release-macos-x86_64, r-release-windows-x86_64, r-oldrel-macos-arm64, r-oldrel-macos-x86_64, r-oldrel-windows-ix86+x86_64

Version: 0.5.3
Check: data for non-ASCII characters
Result: NOTE
     Note: found 38 marked UTF-8 strings
Flavors: r-devel-linux-x86_64-fedora-clang, r-devel-linux-x86_64-fedora-gcc, r-release-macos-arm64, r-release-macos-x86_64, r-oldrel-macos-arm64, r-oldrel-macos-x86_64

Version: 0.5.3
Check: installed package size
Result: NOTE
     installed size is 52.1Mb
     sub-directories of 1Mb or more:
     libs 51.7Mb
Flavors: r-release-macos-arm64, r-release-macos-x86_64, r-oldrel-macos-arm64, r-oldrel-macos-x86_64, r-oldrel-windows-ix86+x86_64