Last updated on 2025-01-16 18:49:40 CET.
Flavor | Version | Tinstall | Tcheck | Ttotal | Status | Flags |
---|---|---|---|---|---|---|
r-devel-linux-x86_64-debian-clang | 0.5.3 | 316.21 | 117.52 | 433.73 | OK | |
r-devel-linux-x86_64-debian-gcc | 0.5.3 | 264.04 | 102.98 | 367.02 | OK | |
r-devel-linux-x86_64-fedora-clang | 0.5.3 | 665.73 | OK | |||
r-devel-linux-x86_64-fedora-gcc | 0.5.3 | 882.00 | OK | |||
r-devel-windows-x86_64 | 0.5.3 | 276.00 | 162.00 | 438.00 | OK | |
r-patched-linux-x86_64 | 0.5.3 | 343.75 | 132.49 | 476.24 | NOTE | |
r-release-linux-x86_64 | 0.5.3 | 362.51 | 135.45 | 497.96 | NOTE | |
r-release-macos-arm64 | 0.5.3 | 163.00 | NOTE | |||
r-release-macos-x86_64 | 0.5.3 | 220.00 | NOTE | |||
r-release-windows-x86_64 | 0.5.3 | 254.00 | 148.00 | 402.00 | NOTE | |
r-oldrel-macos-arm64 | 0.5.3 | 174.00 | NOTE | |||
r-oldrel-macos-x86_64 | 0.5.3 | 283.00 | NOTE | |||
r-oldrel-windows-x86_64 | 0.5.3 | 355.00 | 182.00 | 537.00 | NOTE |
Version: 0.5.3
Check: for GNU extensions in Makefiles
Result: NOTE
GNU make is a SystemRequirements.
Flavors: r-patched-linux-x86_64, r-release-linux-x86_64, r-release-macos-arm64, r-release-macos-x86_64, r-release-windows-x86_64, r-oldrel-macos-arm64, r-oldrel-macos-x86_64, r-oldrel-windows-x86_64
Version: 0.5.3
Check: installed package size
Result: NOTE
installed size is 84.0Mb
sub-directories of 1Mb or more:
libs 83.6Mb
Flavors: r-release-macos-arm64, r-release-macos-x86_64, r-oldrel-macos-arm64, r-oldrel-macos-x86_64