CRAN Package Check Results for Package DCSmooth

Last updated on 2021-10-27 13:54:03 CEST.

Flavor Version Tinstall Tcheck Ttotal Status Flags
r-devel-linux-x86_64-debian-clang 1.1.2 182.67 289.13 471.80 OK
r-devel-linux-x86_64-debian-gcc 1.1.2 137.80 211.86 349.66 OK
r-devel-linux-x86_64-fedora-clang 1.1.2 674.94 NOTE
r-devel-linux-x86_64-fedora-gcc 1.1.2 619.65 OK
r-devel-windows-x86_64 1.1.2 254.00 410.00 664.00 OK
r-devel-windows-x86_64-gcc10-UCRT 1.1.2 OK
r-patched-linux-x86_64 1.1.2 164.82 285.86 450.68 OK
r-patched-solaris-x86 1.1.2 517.30 OK
r-release-linux-x86_64 1.1.2 174.81 288.45 463.26 OK
r-release-macos-arm64 1.1.2 NOTE
r-release-macos-x86_64 1.1.2 NOTE
r-release-windows-ix86+x86_64 1.0.2 268.00 288.00 556.00 OK
r-oldrel-macos-x86_64 1.1.2 NOTE
r-oldrel-windows-ix86+x86_64 1.1.2 369.00 467.00 836.00 NOTE

Check Details

Version: 1.1.2
Check: installed package size
Result: NOTE
     installed size is 7.2Mb
     sub-directories of 1Mb or more:
     data 1.9Mb
     libs 4.7Mb
Flavors: r-devel-linux-x86_64-fedora-clang, r-release-macos-arm64, r-release-macos-x86_64, r-oldrel-macos-x86_64, r-oldrel-windows-ix86+x86_64