CRAN Package Check Results for Package DChaos

Last updated on 2023-02-07 10:53:53 CET.

Flavor Version Tinstall Tcheck Ttotal Status Flags
r-devel-linux-x86_64-debian-clang 0.1-6 6.12 38.85 44.97 NOTE
r-devel-linux-x86_64-debian-gcc 0.1-6 3.94 30.02 33.96 NOTE
r-devel-linux-x86_64-fedora-clang 0.1-6 57.01 NOTE
r-devel-linux-x86_64-fedora-gcc 0.1-6 57.93 NOTE
r-devel-windows-x86_64 0.1-6 22.00 71.00 93.00 NOTE
r-patched-linux-x86_64 0.1-6 4.48 37.59 42.07 NOTE
r-release-linux-x86_64 0.1-6 3.31 36.10 39.41 NOTE
r-release-macos-arm64 0.1-6 20.00 NOTE
r-release-macos-x86_64 0.1-6 26.00 NOTE
r-release-windows-x86_64 0.1-6 13.00 76.00 89.00 NOTE
r-oldrel-macos-arm64 0.1-6 23.00 NOTE
r-oldrel-macos-x86_64 0.1-6 42.00 NOTE
r-oldrel-windows-ix86+x86_64 0.1-6 10.00 78.00 88.00 NOTE

Check Details

Version: 0.1-6
Check: LazyData
Result: NOTE
     'LazyData' is specified without a 'data' directory
Flavors: r-devel-linux-x86_64-debian-clang, r-devel-linux-x86_64-debian-gcc, r-devel-linux-x86_64-fedora-clang, r-devel-linux-x86_64-fedora-gcc, r-devel-windows-x86_64, r-patched-linux-x86_64, r-release-linux-x86_64, r-release-macos-arm64, r-release-macos-x86_64, r-release-windows-x86_64, r-oldrel-macos-arm64, r-oldrel-macos-x86_64, r-oldrel-windows-ix86+x86_64