CRAN Package Check Results for Package DDHFm

Last updated on 2021-10-25 18:50:28 CEST.

Flavor Version Tinstall Tcheck Ttotal Status Flags
r-devel-linux-x86_64-debian-clang 1.1.2 3.99 50.94 54.93 OK
r-devel-linux-x86_64-debian-gcc 1.1.2 2.78 38.38 41.16 OK
r-devel-linux-x86_64-fedora-clang 1.1.2 80.90 NOTE
r-devel-linux-x86_64-fedora-gcc 1.1.2 68.46 NOTE
r-devel-windows-x86_64 1.1.2 6.00 50.00 56.00 OK
r-devel-windows-x86_64-gcc10-UCRT 1.1.2 OK
r-patched-linux-x86_64 1.1.2 3.99 50.47 54.46 OK
r-patched-solaris-x86 1.1.2 80.10 OK
r-release-linux-x86_64 1.1.2 3.70 51.00 54.70 OK
r-release-macos-arm64 1.1.2 OK
r-release-macos-x86_64 1.1.2 OK
r-release-windows-ix86+x86_64 1.1.2 9.00 72.00 81.00 OK
r-oldrel-macos-x86_64 1.1.2 OK
r-oldrel-windows-ix86+x86_64 1.1.2 12.00 79.00 91.00 OK

Check Details

Version: 1.1.2
Check: compiled code
Result: NOTE
    File ‘DDHFm/libs/DDHFm.so’:
     Found no calls to: ‘R_registerRoutines’, ‘R_useDynamicSymbols’
    
    It is good practice to register native routines and to disable symbol
    search.
    
    See ‘Writing portable packages’ in the ‘Writing R Extensions’ manual.
Flavors: r-devel-linux-x86_64-fedora-clang, r-devel-linux-x86_64-fedora-gcc