CRAN Package Check Results for Package DDRTree

Last updated on 2019-11-19 17:51:23 CET.

Flavor Version Tinstall Tcheck Ttotal Status Flags
r-devel-linux-x86_64-debian-clang 0.1.5 69.24 53.52 122.76 OK
r-devel-linux-x86_64-debian-gcc 0.1.5 56.76 43.85 100.61 OK
r-devel-linux-x86_64-fedora-clang 0.1.5 166.84 NOTE
r-devel-linux-x86_64-fedora-gcc 0.1.5 179.41 OK
r-devel-windows-ix86+x86_64 0.1.5 142.00 91.00 233.00 OK
r-devel-windows-ix86+x86_64-gcc8 0.1.5 136.00 100.00 236.00 OK
r-patched-linux-x86_64 0.1.5 62.38 50.94 113.32 OK
r-patched-solaris-x86 0.1.5 170.30 OK
r-release-linux-x86_64 0.1.5 58.63 50.02 108.65 OK
r-release-windows-ix86+x86_64 0.1.5 136.00 118.00 254.00 OK
r-release-osx-x86_64 0.1.5 NOTE
r-oldrel-windows-ix86+x86_64 0.1.5 111.00 113.00 224.00 OK
r-oldrel-osx-x86_64 0.1.5 NOTE

Check Details

Version: 0.1.5
Check: installed package size
Result: NOTE
     installed size is 21.8Mb
     sub-directories of 1Mb or more:
     libs 21.7Mb
Flavors: r-devel-linux-x86_64-fedora-clang, r-release-osx-x86_64, r-oldrel-osx-x86_64