CRAN Package Check Results for Package DDRTree

Last updated on 2020-07-12 01:48:28 CEST.

Flavor Version Tinstall Tcheck Ttotal Status Flags
r-devel-linux-x86_64-debian-clang 0.1.5 75.10 56.12 131.22 OK
r-devel-linux-x86_64-debian-gcc 0.1.5 61.08 46.23 107.31 OK
r-devel-linux-x86_64-fedora-clang 0.1.5 181.74 NOTE
r-devel-linux-x86_64-fedora-gcc 0.1.5 165.29 OK
r-devel-windows-ix86+x86_64 0.1.5 107.00 129.00 236.00 OK
r-patched-linux-x86_64 0.1.5 65.98 57.60 123.58 OK
r-patched-solaris-x86 0.1.5 170.90 OK
r-release-linux-x86_64 0.1.5 67.72 57.76 125.48 OK
r-release-macos-x86_64 0.1.5 NOTE
r-release-windows-ix86+x86_64 0.1.5 147.00 95.00 242.00 OK
r-oldrel-macos-x86_64 0.1.5 NOTE
r-oldrel-windows-ix86+x86_64 0.1.5 137.00 116.00 253.00 OK

Check Details

Version: 0.1.5
Check: installed package size
Result: NOTE
     installed size is 22.3Mb
     sub-directories of 1Mb or more:
     libs 22.2Mb
Flavors: r-devel-linux-x86_64-fedora-clang, r-release-macos-x86_64, r-oldrel-macos-x86_64