CRAN Package Check Results for Package DDoutlier

Last updated on 2023-12-05 16:49:28 CET.

Flavor Version Tinstall Tcheck Ttotal Status Flags
r-devel-linux-x86_64-debian-clang 0.1.0 2.89 26.17 29.06 NOTE
r-devel-linux-x86_64-debian-gcc 0.1.0 2.26 20.57 22.83 NOTE
r-devel-linux-x86_64-fedora-clang 0.1.0 38.74 NOTE
r-devel-linux-x86_64-fedora-gcc 0.1.0 36.12 NOTE
r-devel-windows-x86_64 0.1.0 3.00 45.00 48.00 NOTE
r-patched-linux-x86_64 0.1.0 2.69 26.14 28.83 NOTE
r-release-linux-x86_64 0.1.0 2.23 26.24 28.47 NOTE
r-release-macos-arm64 0.1.0 16.00 NOTE
r-release-macos-x86_64 0.1.0 21.00 NOTE
r-release-windows-x86_64 0.1.0 5.00 44.00 49.00 NOTE
r-oldrel-macos-arm64 0.1.0 17.00 NOTE
r-oldrel-macos-x86_64 0.1.0 22.00 NOTE
r-oldrel-windows-x86_64 0.1.0 4.00 46.00 50.00 NOTE

Check Details

Version: 0.1.0
Check: LazyData
Result: NOTE 'LazyData' is specified without a 'data' directory Flavors: r-devel-linux-x86_64-debian-clang, r-devel-linux-x86_64-debian-gcc, r-devel-linux-x86_64-fedora-clang, r-devel-linux-x86_64-fedora-gcc, r-devel-windows-x86_64, r-patched-linux-x86_64, r-release-linux-x86_64, r-release-macos-arm64, r-release-macos-x86_64, r-release-windows-x86_64, r-oldrel-macos-arm64, r-oldrel-macos-x86_64, r-oldrel-windows-x86_64