CRAN Package Check Results for Package DEEPR

Last updated on 2019-08-19 11:49:01 CEST.

Flavor Version Tinstall Tcheck Ttotal Status Flags
r-devel-linux-x86_64-debian-clang 0.1 1.55 17.56 19.11 NOTE
r-devel-linux-x86_64-debian-gcc 0.1 1.50 14.22 15.72 NOTE
r-devel-linux-x86_64-fedora-clang 0.1 25.00 NOTE
r-devel-linux-x86_64-fedora-gcc 0.1 24.37 NOTE
r-devel-windows-ix86+x86_64 0.1 15.00 41.00 56.00 NOTE
r-patched-linux-x86_64 0.1 1.34 17.42 18.76 NOTE
r-patched-solaris-x86 0.1 36.90 NOTE
r-release-linux-x86_64 0.1 1.32 17.58 18.90 NOTE
r-release-windows-ix86+x86_64 0.1 5.00 46.00 51.00 NOTE
r-release-osx-x86_64 0.1 NOTE
r-oldrel-windows-ix86+x86_64 0.1 2.00 30.00 32.00 NOTE
r-oldrel-osx-x86_64 0.1 NOTE

Check Details

Version: 0.1
Check: DESCRIPTION meta-information
Result: NOTE
    Malformed Description field: should contain one or more complete sentences.
Flavors: r-devel-linux-x86_64-debian-clang, r-devel-linux-x86_64-debian-gcc, r-devel-linux-x86_64-fedora-clang, r-devel-linux-x86_64-fedora-gcc, r-devel-windows-ix86+x86_64, r-patched-linux-x86_64, r-patched-solaris-x86, r-release-linux-x86_64, r-release-windows-ix86+x86_64, r-release-osx-x86_64, r-oldrel-windows-ix86+x86_64, r-oldrel-osx-x86_64

Version: 0.1
Check: R code for possible problems
Result: NOTE
    DEEPR : perm_function: no visible global function definition for 'head'
    DEEPR : perm_function: no visible global function definition for 'tail'
    simCophy: no visible global function definition for 'rpois'
    simCophy: no visible global function definition for 'rmultinom'
    Undefined global functions or variables:
     head rmultinom rpois tail
    Consider adding
     importFrom("stats", "rmultinom", "rpois")
     importFrom("utils", "head", "tail")
    to your NAMESPACE file.
Flavors: r-devel-linux-x86_64-debian-clang, r-devel-linux-x86_64-debian-gcc, r-devel-linux-x86_64-fedora-clang, r-devel-linux-x86_64-fedora-gcc, r-devel-windows-ix86+x86_64, r-patched-linux-x86_64, r-patched-solaris-x86, r-release-linux-x86_64, r-release-windows-ix86+x86_64, r-release-osx-x86_64, r-oldrel-windows-ix86+x86_64, r-oldrel-osx-x86_64