CRAN Package Check Results for Package DELTD

Last updated on 2021-04-13 14:47:27 CEST.

Flavor Version Tinstall Tcheck Ttotal Status Flags
r-devel-linux-x86_64-debian-clang 2.6.7 2.12 27.23 29.35 NOTE
r-devel-linux-x86_64-debian-gcc 2.6.7 1.69 21.76 23.45 NOTE
r-devel-linux-x86_64-fedora-clang 2.6.7 45.40 NOTE
r-devel-linux-x86_64-fedora-gcc 2.6.7 36.90 NOTE
r-devel-windows-ix86+x86_64 2.6.7 5.00 42.00 47.00 NOTE
r-devel-windows-x86_64-gcc10-UCRT 2.6.7 NOTE
r-patched-linux-x86_64 2.6.7 2.09 27.78 29.87 OK
r-patched-solaris-x86 2.6.7 56.50 OK
r-release-linux-x86_64 2.6.7 2.07 27.35 29.42 OK
r-release-macos-x86_64 2.6.7 OK
r-release-windows-ix86+x86_64 2.6.7 6.00 48.00 54.00 OK
r-oldrel-macos-x86_64 2.6.7 OK
r-oldrel-windows-ix86+x86_64 2.6.7 3.00 31.00 34.00 OK

Check Details

Version: 2.6.7
Check: LazyData
Result: NOTE
     'LazyData' is specified without a 'data' directory
Flavors: r-devel-linux-x86_64-debian-clang, r-devel-linux-x86_64-debian-gcc, r-devel-linux-x86_64-fedora-clang, r-devel-linux-x86_64-fedora-gcc, r-devel-windows-ix86+x86_64, r-devel-windows-x86_64-gcc10-UCRT