CRAN Package Check Results for Package DEMOVA

Last updated on 2023-09-21 13:56:25 CEST.

Flavor Version Tinstall Tcheck Ttotal Status Flags
r-devel-linux-x86_64-debian-clang 1.0 2.56 24.79 27.35 NOTE
r-devel-linux-x86_64-debian-gcc 1.0 2.07 18.99 21.06 NOTE
r-devel-linux-x86_64-fedora-clang 1.0 34.53 NOTE
r-devel-linux-x86_64-fedora-gcc 1.0 33.74 NOTE
r-devel-windows-x86_64 1.0 3.00 48.00 51.00 NOTE
r-patched-linux-x86_64 1.0 3.59 24.35 27.94 NOTE
r-release-linux-x86_64 1.0 3.03 24.08 27.11 NOTE
r-release-macos-arm64 1.0 17.00 NOTE
r-release-macos-x86_64 1.0 20.00 NOTE
r-release-windows-x86_64 1.0 3.00 43.00 46.00 NOTE
r-oldrel-macos-arm64 1.0 16.00 OK
r-oldrel-macos-x86_64 1.0 20.00 OK
r-oldrel-windows-x86_64 1.0 5.00 46.00 51.00 OK

Check Details

Version: 1.0
Check: Rd files
Result: NOTE
    checkRd: (-1) scramb.Rd:44: Escaped LaTeX specials: \&
Flavors: r-devel-linux-x86_64-debian-clang, r-devel-linux-x86_64-debian-gcc, r-devel-linux-x86_64-fedora-clang, r-devel-linux-x86_64-fedora-gcc, r-devel-windows-x86_64, r-patched-linux-x86_64, r-release-linux-x86_64, r-release-macos-arm64, r-release-macos-x86_64, r-release-windows-x86_64