CRAN Package Check Results for Package DEMOVA

Last updated on 2019-03-24 10:46:31 CET.

Flavor Version Tinstall Tcheck Ttotal Status Flags
r-devel-linux-x86_64-debian-clang 1.0 2.01 19.53 21.54 OK
r-devel-linux-x86_64-debian-gcc 1.0 1.86 15.87 17.73 OK
r-devel-linux-x86_64-fedora-clang 1.0 27.12 OK
r-devel-linux-x86_64-fedora-gcc 1.0 25.22 OK
r-devel-windows-ix86+x86_64 1.0 7.00 42.00 49.00 OK
r-patched-linux-x86_64 1.0 1.19 18.15 19.34 OK
r-patched-solaris-x86 1.0 37.10 OK
r-release-linux-x86_64 1.0 0.26 1.94 2.20 ERROR
r-release-windows-ix86+x86_64 1.0 3.00 32.00 35.00 OK
r-release-osx-x86_64 1.0 OK
r-oldrel-windows-ix86+x86_64 1.0 3.00 31.00 34.00 OK
r-oldrel-osx-x86_64 1.0 OK

Check Details

Version: 1.0
Check: whether package can be installed
Result: ERROR
    Installation failed.
Flavor: r-release-linux-x86_64