CRAN Package Check Results for Package DEploid

Last updated on 2019-10-15 18:48:48 CEST.

Flavor Version Tinstall Tcheck Ttotal Status Flags
r-devel-linux-x86_64-debian-clang 0.5.2 71.05 201.71 272.76 WARN
r-devel-linux-x86_64-debian-gcc 0.5.2 59.28 166.74 226.02 WARN
r-devel-linux-x86_64-fedora-clang 0.5.2 362.82 NOTE
r-devel-linux-x86_64-fedora-gcc 0.5.2 372.15 WARN
r-devel-windows-ix86+x86_64 0.5.2 167.00 456.00 623.00 WARN
r-patched-linux-x86_64 0.5.2 64.79 218.81 283.60 OK
r-patched-solaris-x86 0.5.2 649.90 OK
r-release-linux-x86_64 0.5.2 60.42 222.33 282.75 OK
r-release-windows-ix86+x86_64 0.5.2 223.00 568.00 791.00 OK
r-release-osx-x86_64 0.5.2 NOTE
r-oldrel-windows-ix86+x86_64 0.5.2 138.00 448.00 586.00 OK
r-oldrel-osx-x86_64 0.5.2 OK

Check Details

Version: 0.5.2
Check: whether package can be installed
Result: WARN
    Found the following significant warnings:
     DEploid/vcfReader.cpp:57:5: warning: ignoring return value of function declared with 'warn_unused_result' attribute [-Wunused-result]
Flavor: r-devel-linux-x86_64-debian-clang

Version: 0.5.2
Check: whether package can be installed
Result: WARN
    Found the following significant warnings:
     DEploid/vcfReader.cpp:57:10: warning: ignoring return value of ‘size_t fread(void*, size_t, size_t, FILE*)’, declared with attribute warn_unused_result [-Wunused-result]
Flavors: r-devel-linux-x86_64-debian-gcc, r-devel-linux-x86_64-fedora-gcc

Version: 0.5.2
Check: installed package size
Result: NOTE
     installed size is 6.8Mb
     sub-directories of 1Mb or more:
     libs 6.3Mb
Flavors: r-devel-linux-x86_64-fedora-clang, r-release-osx-x86_64

Version: 0.5.2
Check: whether package can be installed
Result: WARN
    Found the following significant warnings:
     DEploid/dEploidIO.cpp:681:73: warning: statement has no effect [-Wunused-value]
     DEploid/dEploidIO.cpp:726:106: warning: statement has no effect [-Wunused-value]
     DEploid/mcmc.cpp:98:65: warning: statement has no effect [-Wunused-value]
     DEploid/mcmc.cpp:99:65: warning: statement has no effect [-Wunused-value]
     DEploid/mcmc.cpp:100:65: warning: statement has no effect [-Wunused-value]
     DEploid/mcmc.cpp:134:65: warning: statement has no effect [-Wunused-value]
     DEploid/mcmc.cpp:135:65: warning: statement has no effect [-Wunused-value]
     DEploid/mcmc.cpp:136:65: warning: statement has no effect [-Wunused-value]
     DEploid/mcmc.cpp:274:21: warning: statement has no effect [-Wunused-value]
     DEploid/mcmc.cpp:275:74: warning: statement has no effect [-Wunused-value]
     DEploid/mcmc.cpp:319:65: warning: statement has no effect [-Wunused-value]
     DEploid/mcmc.cpp:320:65: warning: statement has no effect [-Wunused-value]
     DEploid/mcmc.cpp:321:65: warning: statement has no effect [-Wunused-value]
     DEploid/mcmc.cpp:421:60: warning: statement has no effect [-Wunused-value]
     DEploid/mcmc.cpp:512:44: warning: statement has no effect [-Wunused-value]
     DEploid/mcmc.cpp:525:44: warning: statement has no effect [-Wunused-value]
     DEploid/mcmc.cpp:528:35: warning: statement has no effect [-Wunused-value]
     DEploid/mcmc.cpp:537:35: warning: statement has no effect [-Wunused-value]
     DEploid/mcmc.cpp:550:35: warning: statement has no effect [-Wunused-value]
     DEploid/mcmc.cpp:554:35: warning: statement has no effect [-Wunused-value]
     DEploid/mcmc.cpp:584:40: warning: statement has no effect [-Wunused-value]
     DEploid/mcmc.cpp:594:125: warning: statement has no effect [-Wunused-value]
     DEploid/mcmc.cpp:633:38: warning: statement has no effect [-Wunused-value]
     DEploid/mcmc.cpp:639:125: warning: statement has no effect [-Wunused-value]
     DEploid/mcmc.cpp:683:59: warning: statement has no effect [-Wunused-value]
     DEploid/mcmc.cpp:705:88: warning: statement has no effect [-Wunused-value]
     DEploid/panel.cpp:171:66: warning: statement has no effect [-Wunused-value]
     DEploid/panel.cpp:172:66: warning: statement has no effect [-Wunused-value]
     DEploid/panel.cpp:191:70: warning: statement has no effect [-Wunused-value]
     DEploid/panel.cpp:192:93: warning: statement has no effect [-Wunused-value]
     DEploid/variantIndex.cpp:41:47: warning: statement has no effect [-Wunused-value]
     DEploid/variantIndex.cpp:46:59: warning: statement has no effect [-Wunused-value]
     DEploid/variantIndex.cpp:74:68: warning: statement has no effect [-Wunused-value]
     DEploid/variantIndex.cpp:78:79: warning: statement has no effect [-Wunused-value]
     DEploid/variantIndex.cpp:84:48: warning: statement has no effect [-Wunused-value]
     DEploid/vcfReader.cpp:127:87: warning: statement has no effect [-Wunused-value]
     DEploid/vcfReader.cpp:224:66: warning: statement has no effect [-Wunused-value]
     DEploid/lasso/lasso.cpp:113:73: warning: statement has no effect [-Wunused-value]
     DEploid/lasso/lasso.cpp:114:53: warning: statement has no effect [-Wunused-value]
     DEploid/lasso/lasso.cpp:126:46: warning: statement has no effect [-Wunused-value]
     DEploid/lasso/lasso.cpp:128:68: warning: statement has no effect [-Wunused-value]
     DEploid/lasso/lasso.cpp:138:49: warning: statement has no effect [-Wunused-value]
     DEploid/lasso/lasso.cpp:254:51: warning: statement has no effect [-Wunused-value]
     DEploid/lasso/lasso.cpp:306:61: warning: statement has no effect [-Wunused-value]
     DEploid/lasso/lasso.cpp:313:68: warning: statement has no effect [-Wunused-value]
     DEploid/lasso/lasso.cpp:317:17: warning: statement has no effect [-Wunused-value]
     DEploid/lasso/lasso.cpp:323:41: warning: statement has no effect [-Wunused-value]
     DEploid/lasso/lasso.cpp:335:56: warning: statement has no effect [-Wunused-value]
     DEploid/lasso/lasso.cpp:340:17: warning: statement has no effect [-Wunused-value]
     DEploid/lasso/lasso.cpp:346:47: warning: statement has no effect [-Wunused-value]
     DEploid/lasso/lasso.cpp:347:64: warning: statement has no effect [-Wunused-value]
     DEploid/lasso/lasso.cpp:353:58: warning: statement has no effect [-Wunused-value]
     DEploid/lasso/lasso.cpp:357:45: warning: statement has no effect [-Wunused-value]
     DEploid/lasso/lasso.cpp:372:50: warning: statement has no effect [-Wunused-value]
     DEploid/lasso/lasso.cpp:374:73: warning: statement has no effect [-Wunused-value]
     DEploid/lasso/lasso.cpp:377:51: warning: statement has no effect [-Wunused-value]
     DEploid/lasso/lasso.cpp:379:70: warning: statement has no effect [-Wunused-value]
     DEploid/lasso/lasso.cpp:383:79: warning: statement has no effect [-Wunused-value]
     DEploid/lasso/lasso.cpp:387:57: warning: statement has no effect [-Wunused-value]
     DEploid/lasso/lasso.cpp:389:46: warning: statement has no effect [-Wunused-value]
     DEploid/lasso/lasso.cpp:392:65: warning: statement has no effect [-Wunused-value]
     DEploid/lasso/lasso.cpp:432:17: warning: statement has no effect [-Wunused-value]
     DEploid/lasso/lasso.cpp:433:52: warning: statement has no effect [-Wunused-value]
     DEploid/lasso/lasso.cpp:438:69: warning: statement has no effect [-Wunused-value]
     DEploid/lasso/lasso.cpp:441:57: warning: statement has no effect [-Wunused-value]
     DEploid/lasso/lasso.cpp:452:62: warning: statement has no effect [-Wunused-value]
     DEploid/lasso/lasso.cpp:454:50: warning: statement has no effect [-Wunused-value]
     DEploid/lasso/lasso.cpp:456:70: warning: statement has no effect [-Wunused-value]
     DEploid/lasso/lasso.cpp:480:46: warning: statement has no effect [-Wunused-value]
     DEploid/lasso/lasso.cpp:482:78: warning: statement has no effect [-Wunused-value]
     DEploid/lasso/lasso.cpp:483:79: warning: statement has no effect [-Wunused-value]
     DEploid/lasso/lasso.cpp:493:40: warning: statement has no effect [-Wunused-value]
     DEploid/lasso/lasso.cpp:503:33: warning: statement has no effect [-Wunused-value]
     DEploid/lasso/lasso.cpp:506:53: warning: statement has no effect [-Wunused-value]
     DEploid/lasso/lasso.cpp:508:17: warning: statement has no effect [-Wunused-value]
     DEploid/lasso/lassoDBG.cpp:36:66: warning: statement has no effect [-Wunused-value]
     DEploid/lasso/lassoDBG.cpp:40:50: warning: statement has no effect [-Wunused-value]
     DEploid/lasso/lassoDBG.cpp:43:17: warning: statement has no effect [-Wunused-value]
     DEploid/lasso/lassoDBG.cpp:45:55: warning: statement has no effect [-Wunused-value]
     DEploid/lasso/lassoDBG.cpp:47:64: warning: statement has no effect [-Wunused-value]
     DEploid/lasso/lassoDBG.cpp:49:17: warning: statement has no effect [-Wunused-value]
     DEploid/lasso/lassoDBG.cpp:56:34: warning: statement has no effect [-Wunused-value]
     DEploid/lasso/lassoDBG.cpp:58:29: warning: statement has no effect [-Wunused-value]
     DEploid/lasso/lassoDBG.cpp:60:17: warning: statement has no effect [-Wunused-value]
     DEploid/lasso/lassoDBG.cpp:68:26: warning: statement has no effect [-Wunused-value]
     DEploid/lasso/lassoDBG.cpp:70:42: warning: statement has no effect [-Wunused-value]
     DEploid/lasso/lassoDBG.cpp:72:48: warning: statement has no effect [-Wunused-value]
     DEploid/debug/vcfReaderDebug.cpp:33:58: warning: statement has no effect [-Wunused-value]
     DEploid/debug/mcmcDebug.cpp:30:39: warning: statement has no effect [-Wunused-value]
     DEploid/debug/mcmcDebug.cpp:33:29: warning: statement has no effect [-Wunused-value]
     DEploid/debug/mcmcDebug.cpp:35:17: warning: statement has no effect [-Wunused-value]
     DEploid/debug/mcmcDebug.cpp:42:49: warning: statement has no effect [-Wunused-value]
Flavor: r-devel-windows-ix86+x86_64