CRAN Package Check Results for Package DEploid

Last updated on 2020-07-13 14:47:53 CEST.

Flavor Version Tinstall Tcheck Ttotal Status Flags
r-devel-linux-x86_64-debian-clang 0.5.3 98.20 212.19 310.39 OK
r-devel-linux-x86_64-debian-gcc 0.5.3 73.80 168.65 242.45 OK
r-devel-linux-x86_64-fedora-clang 0.5.3 416.66 NOTE
r-devel-linux-x86_64-fedora-gcc 0.5.3 420.73 OK
r-devel-windows-ix86+x86_64 0.5.3 196.00 513.00 709.00 OK
r-patched-linux-x86_64 0.5.3 76.28 225.32 301.60 OK
r-patched-solaris-x86 0.5.3 672.80 OK
r-release-linux-x86_64 0.5.3 79.56 222.95 302.51 OK
r-release-macos-x86_64 0.5.3 ERROR
r-release-windows-ix86+x86_64 0.5.3 233.00 557.00 790.00 OK
r-oldrel-macos-x86_64 0.5.3 NOTE
r-oldrel-windows-ix86+x86_64 0.5.3 182.00 464.00 646.00 OK

Check Details

Version: 0.5.3
Check: installed package size
Result: NOTE
     installed size is 9.0Mb
     sub-directories of 1Mb or more:
     libs 8.5Mb
Flavors: r-devel-linux-x86_64-fedora-clang, r-oldrel-macos-x86_64

Version: 0.5.3
Check: whether package can be installed
Result: ERROR
    Installation failed.
Flavor: r-release-macos-x86_64