CRAN Package Check Results for Package DEploid

Last updated on 2019-08-19 03:46:47 CEST.

Flavor Version Tinstall Tcheck Ttotal Status Flags
r-devel-linux-x86_64-debian-clang 0.5.2 65.56 206.50 272.06 WARN
r-devel-linux-x86_64-debian-gcc 0.5.2 55.28 168.81 224.09 WARN
r-devel-linux-x86_64-fedora-clang 0.5.2 362.99 NOTE
r-devel-linux-x86_64-fedora-gcc 0.5.2 373.06 WARN
r-devel-windows-ix86+x86_64 0.5.2 214.00 541.00 755.00 OK
r-patched-linux-x86_64 0.5.2 61.83 232.91 294.74 OK
r-patched-solaris-x86 0.5.2 670.10 OK
r-release-linux-x86_64 0.5.2 61.68 232.91 294.59 OK
r-release-windows-ix86+x86_64 0.5.2 156.00 444.00 600.00 OK
r-release-osx-x86_64 0.5.2 NOTE
r-oldrel-windows-ix86+x86_64 0.5.2 198.00 547.00 745.00 OK
r-oldrel-osx-x86_64 0.5.2 OK

Check Details

Version: 0.5.2
Check: whether package can be installed
Result: WARN
    Found the following significant warnings:
     DEploid/vcfReader.cpp:57:5: warning: ignoring return value of function declared with 'warn_unused_result' attribute [-Wunused-result]
Flavor: r-devel-linux-x86_64-debian-clang

Version: 0.5.2
Check: whether package can be installed
Result: WARN
    Found the following significant warnings:
     DEploid/vcfReader.cpp:57:10: warning: ignoring return value of ‘size_t fread(void*, size_t, size_t, FILE*)’, declared with attribute warn_unused_result [-Wunused-result]
Flavors: r-devel-linux-x86_64-debian-gcc, r-devel-linux-x86_64-fedora-gcc

Version: 0.5.2
Check: installed package size
Result: NOTE
     installed size is 6.8Mb
     sub-directories of 1Mb or more:
     libs 6.3Mb
Flavors: r-devel-linux-x86_64-fedora-clang, r-release-osx-x86_64