CRAN Package Check Results for Package DHARMa

Last updated on 2019-07-19 03:46:48 CEST.

Flavor Version Tinstall Tcheck Ttotal Status Flags
r-devel-linux-x86_64-debian-clang 0.2.4 8.03 233.13 241.16 OK
r-devel-linux-x86_64-debian-gcc 0.2.4 8.20 175.65 183.85 OK
r-devel-linux-x86_64-fedora-clang 0.2.4 279.49 NOTE
r-devel-linux-x86_64-fedora-gcc 0.2.4 288.42 NOTE
r-devel-windows-ix86+x86_64 0.2.4 29.00 299.00 328.00 OK
r-patched-linux-x86_64 0.2.4 10.12 226.96 237.08 OK
r-patched-solaris-x86 0.2.4 414.80 NOTE
r-release-linux-x86_64 0.2.4 9.84 225.96 235.80 OK
r-release-windows-ix86+x86_64 0.2.4 19.00 224.00 243.00 OK
r-release-osx-x86_64 0.2.4 NOTE
r-oldrel-windows-ix86+x86_64 0.2.4 12.00 234.00 246.00 OK
r-oldrel-osx-x86_64 0.2.4 NOTE

Check Details

Version: 0.2.4
Check: dependencies in R code
Result: NOTE
    Namespace in Imports field not imported from: ‘mgcv’
     All declared Imports should be used.
Flavors: r-devel-linux-x86_64-fedora-clang, r-devel-linux-x86_64-fedora-gcc, r-patched-solaris-x86, r-release-osx-x86_64, r-oldrel-osx-x86_64