CRAN Package Check Results for Package DHS.rates

Last updated on 2020-10-20 21:48:58 CEST.

Flavor Version Tinstall Tcheck Ttotal Status Flags
r-devel-linux-x86_64-debian-clang 0.8.0 8.98 86.30 95.28 OK
r-devel-linux-x86_64-debian-gcc 0.8.0 6.53 62.83 69.36 OK
r-devel-linux-x86_64-fedora-clang 0.8.0 118.99 NOTE
r-devel-linux-x86_64-fedora-gcc 0.8.0 108.38 NOTE
r-devel-windows-ix86+x86_64 0.8.0 15.00 77.00 92.00 OK
r-patched-linux-x86_64 0.8.0 7.59 77.62 85.21 OK
r-patched-solaris-x86 0.8.0 142.20 NOTE
r-release-linux-x86_64 0.8.0 8.65 77.88 86.53 OK
r-release-macos-x86_64 0.8.0 NOTE
r-release-windows-ix86+x86_64 0.8.0 11.00 103.00 114.00 OK
r-oldrel-macos-x86_64 0.8.0 NOTE
r-oldrel-windows-ix86+x86_64 0.8.0 11.00 70.00 81.00 OK

Check Details

Version: 0.8.0
Check: dependencies in R code
Result: NOTE
    Namespace in Imports field not imported from: ‘rlang’
     All declared Imports should be used.
Flavors: r-devel-linux-x86_64-fedora-clang, r-devel-linux-x86_64-fedora-gcc, r-patched-solaris-x86, r-release-macos-x86_64, r-oldrel-macos-x86_64