CRAN Package Check Results for Package DHS.rates

Last updated on 2022-07-03 16:50:11 CEST.

Flavor Version Tinstall Tcheck Ttotal Status Flags
r-devel-linux-x86_64-debian-clang 0.9.1 9.20 101.04 110.24 OK
r-devel-linux-x86_64-debian-gcc 0.9.1 7.88 73.74 81.62 OK
r-devel-linux-x86_64-fedora-clang 0.9.1 140.88 NOTE
r-devel-linux-x86_64-fedora-gcc 0.9.1 145.34 NOTE
r-devel-windows-x86_64 0.9.1 18.00 121.00 139.00 OK
r-patched-linux-x86_64 0.9.1 6.24 94.30 100.54 OK
r-release-linux-x86_64 0.9.1 7.10 94.63 101.73 OK
r-release-macos-arm64 0.9.1 38.00 NOTE
r-release-macos-x86_64 0.9.1 63.00 NOTE
r-release-windows-x86_64 0.9.1 24.00 120.00 144.00 OK
r-oldrel-macos-arm64 0.9.1 35.00 NOTE
r-oldrel-macos-x86_64 0.9.1 51.00 NOTE
r-oldrel-windows-ix86+x86_64 0.9.1 22.00 116.00 138.00 OK

Check Details

Version: 0.9.1
Check: dependencies in R code
Result: NOTE
    Namespace in Imports field not imported from: ‘rlang’
     All declared Imports should be used.
Flavors: r-devel-linux-x86_64-fedora-clang, r-devel-linux-x86_64-fedora-gcc, r-release-macos-arm64, r-release-macos-x86_64, r-oldrel-macos-arm64, r-oldrel-macos-x86_64