CRAN Package Check Results for Package DHS.rates

Last updated on 2022-12-01 04:00:30 CET.

Flavor Version Tinstall Tcheck Ttotal Status Flags
r-devel-linux-x86_64-debian-clang 0.9.1 9.36 100.05 109.41 OK
r-devel-linux-x86_64-debian-gcc 0.9.1 7.92 74.75 82.67 OK
r-devel-linux-x86_64-fedora-clang 0.9.1 147.43 NOTE
r-devel-linux-x86_64-fedora-gcc 0.9.1 138.77 NOTE
r-devel-windows-x86_64 0.9.1 18.00 131.00 149.00 OK
r-patched-linux-x86_64 0.9.1 5.91 93.80 99.71 OK
r-release-linux-x86_64 0.9.1 6.87 95.01 101.88 OK
r-release-macos-arm64 0.9.1 38.00 NOTE
r-release-macos-x86_64 0.9.1 63.00 NOTE
r-release-windows-x86_64 0.9.1 14.00 124.00 138.00 OK
r-oldrel-macos-arm64 0.9.1 35.00 NOTE
r-oldrel-macos-x86_64 0.9.1 51.00 NOTE
r-oldrel-windows-ix86+x86_64 0.9.1 20.00 123.00 143.00 OK

Check Details

Version: 0.9.1
Check: dependencies in R code
Result: NOTE
    Namespace in Imports field not imported from: ‘rlang’
     All declared Imports should be used.
Flavors: r-devel-linux-x86_64-fedora-clang, r-devel-linux-x86_64-fedora-gcc, r-release-macos-arm64, r-release-macos-x86_64, r-oldrel-macos-arm64, r-oldrel-macos-x86_64