Last updated on 2021-04-13 05:49:18 CEST.
Flavor | Version | Tinstall | Tcheck | Ttotal | Status | Flags |
---|---|---|---|---|---|---|
r-devel-linux-x86_64-debian-clang | 0.8.0 | 8.01 | 91.03 | 99.04 | OK | |
r-devel-linux-x86_64-debian-gcc | 0.8.0 | 5.76 | 67.53 | 73.29 | OK | |
r-devel-linux-x86_64-fedora-clang | 0.8.0 | 126.26 | NOTE | |||
r-devel-linux-x86_64-fedora-gcc | 0.8.0 | 119.50 | NOTE | |||
r-devel-windows-ix86+x86_64 | 0.8.0 | 20.00 | 108.00 | 128.00 | OK | |
r-devel-windows-x86_64-gcc10-UCRT | 0.8.0 | NOTE | ||||
r-patched-linux-x86_64 | 0.8.0 | 7.40 | 82.59 | 89.99 | OK | |
r-patched-solaris-x86 | 0.8.0 | 154.40 | NOTE | |||
r-release-linux-x86_64 | 0.8.0 | 9.17 | 82.57 | 91.74 | OK | |
r-release-macos-x86_64 | 0.8.0 | NOTE | ||||
r-release-windows-ix86+x86_64 | 0.8.0 | 30.00 | 107.00 | 137.00 | OK | |
r-oldrel-macos-x86_64 | 0.8.0 | NOTE | ||||
r-oldrel-windows-ix86+x86_64 | 0.8.0 | 10.00 | 75.00 | 85.00 | OK |
Version: 0.8.0
Check: dependencies in R code
Result: NOTE
Namespace in Imports field not imported from: ‘rlang’
All declared Imports should be used.
Flavors: r-devel-linux-x86_64-fedora-clang, r-devel-linux-x86_64-fedora-gcc, r-devel-windows-x86_64-gcc10-UCRT, r-patched-solaris-x86, r-release-macos-x86_64, r-oldrel-macos-x86_64