Last updated on 2021-04-12 01:47:07 CEST.
Flavor | Version | Tinstall | Tcheck | Ttotal | Status | Flags |
---|---|---|---|---|---|---|
r-devel-linux-x86_64-debian-clang | 1.0.1 | 4.29 | 29.08 | 33.37 | OK | |
r-devel-linux-x86_64-debian-gcc | 1.0.1 | 3.27 | 22.84 | 26.11 | OK | |
r-devel-linux-x86_64-fedora-clang | 1.0.1 | 50.38 | NOTE | |||
r-devel-linux-x86_64-fedora-gcc | 1.0.1 | 37.15 | NOTE | |||
r-devel-windows-ix86+x86_64 | 1.0.1 | 11.00 | 50.00 | 61.00 | OK | |
r-devel-windows-x86_64-gcc10-UCRT | 1.0.1 | OK | ||||
r-patched-linux-x86_64 | 1.0.1 | 4.11 | 27.47 | 31.58 | OK | |
r-patched-solaris-x86 | 1.0.1 | 57.10 | OK | |||
r-release-linux-x86_64 | 1.0.1 | 3.92 | 27.58 | 31.50 | OK | |
r-release-macos-x86_64 | 1.0.1 | OK | ||||
r-release-windows-ix86+x86_64 | 1.0.1 | 9.00 | 52.00 | 61.00 | OK | |
r-oldrel-macos-x86_64 | 1.0.1 | OK | ||||
r-oldrel-windows-ix86+x86_64 | 1.0.1 | 10.00 | 64.00 | 74.00 | OK |
Version: 1.0.1
Check: compiled code
Result: NOTE
File ‘DIRECT/libs/DIRECT.so’:
Found no calls to: ‘R_registerRoutines’, ‘R_useDynamicSymbols’
It is good practice to register native routines and to disable symbol
search.
See ‘Writing portable packages’ in the ‘Writing R Extensions’ manual.
Flavors: r-devel-linux-x86_64-fedora-clang, r-devel-linux-x86_64-fedora-gcc