CRAN Package Check Results for Package DIconvex

Last updated on 2024-05-25 03:50:49 CEST.

Flavor Version Tinstall Tcheck Ttotal Status Flags
r-devel-linux-x86_64-debian-clang 1.0.0 1.55 22.46 24.01 NOTE
r-devel-linux-x86_64-debian-gcc 1.0.0 1.53 17.02 18.55 NOTE
r-devel-linux-x86_64-fedora-clang 1.0.0 30.73 NOTE
r-devel-linux-x86_64-fedora-gcc 1.0.0 28.90 NOTE
r-devel-windows-x86_64 1.0.0 3.00 38.00 41.00 NOTE
r-patched-linux-x86_64 1.0.0 2.52 21.07 23.59 NOTE
r-release-linux-x86_64 1.0.0 2.38 21.67 24.05 NOTE
r-release-macos-arm64 1.0.0 14.00 NOTE
r-release-windows-x86_64 1.0.0 3.00 38.00 41.00 NOTE
r-oldrel-macos-arm64 1.0.0 14.00 OK
r-oldrel-macos-x86_64 1.0.0 19.00 OK
r-oldrel-windows-x86_64 1.0.0 4.00 38.00 42.00 OK

Check Details

Version: 1.0.0
Check: Rd files
Result: NOTE checkRd: (-1) DIconvex.Rd:40: Lost braces; missing escapes or markup? 40 | {Paul Schneider <paul.schneider@usi.ch>}{} | ^ Flavors: r-devel-linux-x86_64-debian-clang, r-devel-linux-x86_64-debian-gcc, r-devel-linux-x86_64-fedora-clang, r-devel-linux-x86_64-fedora-gcc, r-devel-windows-x86_64, r-patched-linux-x86_64, r-release-linux-x86_64, r-release-macos-arm64, r-release-windows-x86_64