CRAN Package Check Results for Package DMMF

Last updated on 2019-05-27 05:47:33 CEST.

Flavor Version Tinstall Tcheck Ttotal Status Flags
r-devel-linux-x86_64-debian-clang 0.5.0.2 15.64 72.49 88.13 OK
r-devel-linux-x86_64-debian-gcc 0.5.0.2 11.56 57.23 68.79 OK
r-devel-linux-x86_64-fedora-clang 0.5.0.2 108.18 OK
r-devel-linux-x86_64-fedora-gcc 0.5.0.2 106.39 OK
r-devel-windows-ix86+x86_64 0.5.0.2 35.00 133.00 168.00 OK
r-patched-linux-x86_64 0.5.0.2 OK
r-patched-solaris-x86 0.5.0.2 4.00 ERROR
r-release-linux-x86_64 0.5.0.2 15.11 73.80 88.91 OK
r-release-windows-ix86+x86_64 0.5.0.2 43.00 102.00 145.00 OK
r-release-osx-x86_64 0.5.0.2 OK
r-oldrel-windows-ix86+x86_64 0.5.0.2 34.00 107.00 141.00 OK
r-oldrel-osx-x86_64 0.5.0.2 OK

Additional issues

LTO

Check Details

Version: 0.5.0.2
Check: whether package can be installed
Result: ERROR
    Installation failed.
Flavor: r-patched-solaris-x86