CRAN Package Check Results for Package DNAtools

Last updated on 2019-11-11 19:47:13 CET.

Flavor Version Tinstall Tcheck Ttotal Status Flags
r-devel-linux-x86_64-debian-clang 0.1-22 41.03 60.03 101.06 OK
r-devel-linux-x86_64-debian-gcc 0.1-22 28.98 46.38 75.36 OK
r-devel-linux-x86_64-fedora-clang 0.1-22 136.23 NOTE
r-devel-linux-x86_64-fedora-gcc 0.1-22 127.71 NOTE
r-devel-windows-ix86+x86_64 0.1-22 70.00 106.00 176.00 OK
r-patched-linux-x86_64 0.1-22 34.24 57.97 92.21 OK
r-patched-solaris-x86 0.1-22 134.60 OK
r-release-linux-x86_64 0.1-22 33.68 58.14 91.82 OK
r-release-windows-ix86+x86_64 0.1-22 90.00 107.00 197.00 OK
r-release-osx-x86_64 0.1-22 OK
r-oldrel-windows-ix86+x86_64 0.1-22 88.00 101.00 189.00 OK
r-oldrel-osx-x86_64 0.1-22 OK

Check Details

Version: 0.1-22
Check: compiled code
Result: NOTE
    File ‘DNAtools/libs/DNAtools.so’:
     Found no calls to: ‘R_registerRoutines’, ‘R_useDynamicSymbols’
    
    It is good practice to register native routines and to disable symbol
    search.
    
    See ‘Writing portable packages’ in the ‘Writing R Extensions’ manual.
Flavors: r-devel-linux-x86_64-fedora-clang, r-devel-linux-x86_64-fedora-gcc