Last updated on 2023-06-07 15:00:46 CEST.
Flavor | Version | Tinstall | Tcheck | Ttotal | Status | Flags |
---|---|---|---|---|---|---|
r-devel-linux-x86_64-debian-clang | 1.0.0 | 15.27 | 24.78 | 40.05 | NOTE | |
r-devel-linux-x86_64-debian-gcc | 1.0.0 | 8.70 | 19.62 | 28.32 | NOTE | |
r-devel-linux-x86_64-fedora-clang | 1.0.0 | 51.60 | NOTE | |||
r-devel-linux-x86_64-fedora-gcc | 1.0.0 | 47.93 | NOTE | |||
r-devel-windows-x86_64 | 1.0.0 | 14.00 | 48.00 | 62.00 | NOTE | |
r-patched-linux-x86_64 | 1.0.0 | 13.05 | 23.96 | 37.01 | NOTE | |
r-release-linux-x86_64 | 1.0.0 | 11.39 | 24.12 | 35.51 | NOTE | |
r-release-macos-arm64 | 1.0.0 | 6.00 | ERROR | |||
r-release-macos-x86_64 | 1.0.0 | 35.00 | NOTE | |||
r-release-windows-x86_64 | 1.0.0 | 17.00 | 45.00 | 62.00 | NOTE | |
r-oldrel-macos-arm64 | 1.0.0 | 23.00 | NOTE | |||
r-oldrel-macos-x86_64 | 1.0.0 | 36.00 | NOTE | |||
r-oldrel-windows-x86_64 | 1.0.0 | 16.00 | 49.00 | 65.00 | NOTE |
Version: 1.0.0
Check: LazyData
Result: NOTE
'LazyData' is specified without a 'data' directory
Flavors: r-devel-linux-x86_64-debian-clang, r-devel-linux-x86_64-debian-gcc, r-devel-linux-x86_64-fedora-clang, r-devel-linux-x86_64-fedora-gcc, r-devel-windows-x86_64, r-patched-linux-x86_64, r-release-linux-x86_64, r-release-macos-x86_64, r-release-windows-x86_64, r-oldrel-macos-arm64, r-oldrel-macos-x86_64, r-oldrel-windows-x86_64
Version: 1.0.0
Check: dependencies in R code
Result: NOTE
Namespaces in Imports field not imported from:
‘GOstats’ ‘caTools’ ‘fdrtool’
All declared Imports should be used.
Flavors: r-devel-linux-x86_64-fedora-clang, r-devel-linux-x86_64-fedora-gcc, r-oldrel-macos-arm64, r-oldrel-macos-x86_64
Version: 1.0.0
Check: package dependencies
Result: ERROR
Package required but not available: ‘GOstats’
See section ‘The DESCRIPTION file’ in the ‘Writing R Extensions’
manual.
Flavor: r-release-macos-arm64