CRAN Package Check Results for Package DPP

Last updated on 2020-02-20 15:48:24 CET.

Flavor Version Tinstall Tcheck Ttotal Status Flags
r-devel-linux-x86_64-debian-clang 0.1.2 52.15 55.02 107.17 OK
r-devel-linux-x86_64-debian-gcc 0.1.2 37.55 41.40 78.95 OK
r-devel-linux-x86_64-fedora-clang 0.1.2 144.11 NOTE
r-devel-linux-x86_64-fedora-gcc 0.1.2 136.99 OK
r-devel-windows-ix86+x86_64 0.1.2 110.00 83.00 193.00 OK
r-devel-windows-ix86+x86_64-gcc8 0.1.2 133.00 123.00 256.00 OK
r-patched-linux-x86_64 0.1.2 42.20 45.83 88.03 OK
r-patched-solaris-x86 0.1.2 135.50 OK
r-release-linux-x86_64 0.1.2 41.81 45.47 87.28 OK
r-release-windows-ix86+x86_64 0.1.2 108.00 88.00 196.00 OK
r-release-osx-x86_64 0.1.2 NOTE
r-oldrel-windows-ix86+x86_64 0.1.2 90.00 83.00 173.00 OK
r-oldrel-osx-x86_64 0.1.2 NOTE

Check Details

Version: 0.1.2
Check: installed package size
Result: NOTE
     installed size is 6.0Mb
     sub-directories of 1Mb or more:
     libs 5.5Mb
Flavors: r-devel-linux-x86_64-fedora-clang, r-release-osx-x86_64, r-oldrel-osx-x86_64