Last updated on 2022-05-16 10:52:38 CEST.
Flavor | Version | Tinstall | Tcheck | Ttotal | Status | Flags |
---|---|---|---|---|---|---|
r-devel-linux-x86_64-debian-clang | 2.8 | 146.46 | 308.69 | 455.15 | OK | |
r-devel-linux-x86_64-debian-gcc | 2.8 | 126.97 | 227.56 | 354.53 | OK | |
r-devel-linux-x86_64-fedora-clang | 2.8 | 589.18 | NOTE | |||
r-devel-linux-x86_64-fedora-gcc | 2.8 | 586.70 | OK | |||
r-devel-windows-x86_64 | 2.8 | 133.00 | 335.00 | 468.00 | OK | |
r-patched-linux-x86_64 | 2.8 | 101.78 | 287.59 | 389.37 | OK | |
r-release-linux-x86_64 | 2.8 | 97.28 | 292.55 | 389.83 | OK | |
r-release-macos-arm64 | 2.8 | 94.00 | NOTE | |||
r-release-macos-x86_64 | 2.8 | 186.00 | NOTE | |||
r-release-windows-x86_64 | 2.8 | 137.00 | 333.00 | 470.00 | OK | |
r-oldrel-macos-arm64 | 2.8 | 98.00 | NOTE | |||
r-oldrel-macos-x86_64 | 2.8 | 187.00 | NOTE | |||
r-oldrel-windows-ix86+x86_64 | 2.8 | 374.00 | 430.00 | 804.00 | OK |
Version: 2.8
Check: installed package size
Result: NOTE
installed size is 7.7Mb
sub-directories of 1Mb or more:
data 1.6Mb
libs 5.8Mb
Flavors: r-devel-linux-x86_64-fedora-clang, r-release-macos-arm64, r-release-macos-x86_64, r-oldrel-macos-arm64, r-oldrel-macos-x86_64