CRAN Package Check Results for Package DRAFT

Last updated on 2020-04-02 20:48:24 CEST.

Flavor Version Tinstall Tcheck Ttotal Status Flags
r-devel-linux-x86_64-debian-clang 0.3.0 5.59 45.03 50.62 OK
r-devel-linux-x86_64-debian-gcc 0.3.0 5.03 34.11 39.14 OK
r-devel-linux-x86_64-fedora-clang 0.3.0 43.08 NOTE
r-devel-linux-x86_64-fedora-gcc 0.3.0 61.54 NOTE
r-devel-windows-ix86+x86_64 0.3.0 24.00 52.00 76.00 OK
r-devel-windows-ix86+x86_64-gcc8 0.3.0 20.00 51.00 71.00 OK
r-patched-linux-x86_64 0.3.0 6.55 42.56 49.11 OK
r-patched-solaris-x86 0.3.0 73.50 NOTE
r-release-linux-x86_64 0.3.0 5.27 40.02 45.29 OK
r-release-windows-ix86+x86_64 0.3.0 20.00 54.00 74.00 OK
r-release-osx-x86_64 0.3.0 NOTE
r-oldrel-windows-ix86+x86_64 0.3.0 23.00 51.00 74.00 OK
r-oldrel-osx-x86_64 0.3.0 NOTE

Additional issues

gcc10 gcc10

Check Details

Version: 0.3.0
Check: dependencies in R code
Result: NOTE
    Namespaces in Imports field not imported from:
     ‘tools’ ‘utils’
     All declared Imports should be used.
Flavors: r-devel-linux-x86_64-fedora-clang, r-devel-linux-x86_64-fedora-gcc, r-patched-solaris-x86, r-release-osx-x86_64, r-oldrel-osx-x86_64