Last updated on 2025-01-21 19:49:27 CET.
Flavor | Version | Tinstall | Tcheck | Ttotal | Status | Flags |
---|---|---|---|---|---|---|
r-devel-linux-x86_64-debian-clang | 2.6-2 | 38.33 | 530.26 | 568.59 | OK | |
r-devel-linux-x86_64-debian-gcc | 2.6-2 | 24.92 | 355.73 | 380.65 | OK | |
r-devel-linux-x86_64-fedora-clang | 2.6-2 | 980.64 | OK | |||
r-devel-linux-x86_64-fedora-gcc | 2.6-2 | 1054.36 | OK | |||
r-devel-windows-x86_64 | 2.6-2 | 38.00 | 435.00 | 473.00 | OK | |
r-patched-linux-x86_64 | 2.6-2 | 36.36 | 484.49 | 520.85 | OK | |
r-release-linux-x86_64 | 2.6-2 | 29.89 | 488.34 | 518.23 | OK | |
r-release-macos-arm64 | 2.6-2 | 205.00 | NOTE | |||
r-release-macos-x86_64 | 2.6-2 | 332.00 | NOTE | |||
r-release-windows-x86_64 | 2.6-2 | 36.00 | 430.00 | 466.00 | NOTE | |
r-oldrel-macos-arm64 | 2.6-2 | 197.00 | NOTE | |||
r-oldrel-macos-x86_64 | 2.6-2 | 341.00 | NOTE | |||
r-oldrel-windows-x86_64 | 2.6-2 | 47.00 | 595.00 | 642.00 | NOTE |
Version: 2.6-2
Check: installed package size
Result: NOTE
installed size is 5.7Mb
sub-directories of 1Mb or more:
doc 2.5Mb
Flavors: r-release-macos-arm64, r-release-macos-x86_64, r-release-windows-x86_64, r-oldrel-macos-arm64, r-oldrel-macos-x86_64, r-oldrel-windows-x86_64