CRAN Package Check Results for Package DRomics

Last updated on 2022-01-20 23:52:12 CET.

Flavor Version Tinstall Tcheck Ttotal Status Flags
r-devel-linux-x86_64-debian-clang 2.4-0 OK
r-devel-linux-x86_64-debian-gcc 2.4-0 36.83 540.33 577.16 OK
r-devel-linux-x86_64-fedora-clang 2.4-0 928.20 OK
r-devel-linux-x86_64-fedora-gcc 2.4-0 909.86 OK
r-devel-windows-x86_64-new-UL 2.4-0 120.00 778.00 898.00 OK
r-devel-windows-x86_64-new-TK 2.4-0 OK
r-patched-linux-x86_64 2.4-0 45.86 692.65 738.51 OK
r-release-linux-x86_64 2.4-0 42.61 697.26 739.87 OK
r-release-macos-arm64 2.4-0 OK
r-release-macos-x86_64 2.4-0 WARN --as-cran
r-release-windows-ix86+x86_64 2.4-0 89.00 786.00 875.00 OK
r-oldrel-macos-x86_64 2.3-0 OK
r-oldrel-windows-ix86+x86_64 2.4-0 84.00 764.00 848.00 OK

Check Details

Version: 2.4-0
Flags: --as-cran
Check: CRAN incoming feasibility
Result: WARN
    Maintainer: ‘Aurelie Siberchicot <aurelie.siberchicot@univ-lyon1.fr>’
    
    Insufficient package version (submitted: 2.4.0, existing: 2.4.0)
    
    Days since last update: 1
Flavor: r-release-macos-x86_64